{"id":2193,"date":"2019-12-06T14:53:20","date_gmt":"2019-12-06T13:53:20","guid":{"rendered":"http:\/\/hammampacha.com\/shop-en\/?post_type=product&#038;p=2193"},"modified":"2023-07-12T20:42:08","modified_gmt":"2023-07-12T18:42:08","slug":"2193","status":"publish","type":"product","link":"https:\/\/hammampacha.com\/shop-en\/produit\/2193\/","title":{"rendered":"CARTE DE SOINS VALABLE 1 AN"},"content":{"rendered":"<p>CARTE DE SOINS VALABLE 1 AN<\/p>\n<p>Carte 46 prestations valable 1 an comprenant :<br \/>\n(carte nominative \u00e0 pr\u00e9senter \u00e0 chaque visite)<\/p>\n<p>NOUVEAU : Payable en 3 ou 4 fois sans frais !<\/p>\n<p>Dont 5 invitations : Invitez jusqu&#8217;\u00e0 5 de vos amies pour partager les bienfaits du Hammam<\/p>\n<p>Contactez-nous pendant les horaires d&#8217;ouverture du Hammam Pacha pour plus de renseignements<\/p>\n<p>&nbsp;<\/p>\n<table style=\"border-collapse: collapse; width: 100%;\">\n<tbody>\n<tr>\n<td style=\"width: 50%;\">25 entr\u00e9es avec peignoir, serviette et savates fournis. (dont 5 invitations utilisables pour vous ou vos amies)<\/td>\n<td style=\"width: 50%;\">875,00 Euros<\/td>\n<\/tr>\n<tr>\n<td style=\"width: 50%;\">10 gommages<\/td>\n<td style=\"width: 50%;\">200 EUROS<\/td>\n<\/tr>\n<tr>\n<td style=\"width: 50%;\">6 massages de 15mn<\/td>\n<td style=\"width: 50%;\">150 EUROS<\/td>\n<\/tr>\n<tr>\n<td style=\"width: 50%;\">2 enveloppements aux algues<\/td>\n<td style=\"width: 50%;\">76 EUROS<\/td>\n<\/tr>\n<tr>\n<td style=\"width: 50%;\">3 masques de beaut\u00e9<\/td>\n<td style=\"width: 50%;\">90 EUROS<\/td>\n<\/tr>\n<tr>\n<td style=\"width: 50%;\">Total :<\/td>\n<td style=\"width: 50%;\">1391 EUROS<\/td>\n<\/tr>\n<tr>\n<td style=\"width: 50%;\"><strong>TARIF SPECIAL :<\/strong><\/td>\n<td style=\"width: 50%;\"><strong>990 EUROS<\/strong><\/td>\n<\/tr>\n<\/tbody>\n<\/table>\n","protected":false},"excerpt":{"rendered":"<p>CARTE DE SOINS VALABLE 1 AN Carte 46 prestations valable 1 an comprenant : (carte nominative \u00e0 pr\u00e9senter \u00e0 chaque visite) NOUVEAU : Payable en 3 ou 4 fois sans frais ! Dont 5 invitations : Invitez jusqu&#8217;\u00e0 5 de vos amies pour partager les bienfaits du Hammam Contactez-nous pendant les horaires d&#8217;ouverture du Hammam [&hellip;]<\/p>\n","protected":false},"featured_media":2288,"template":"","meta":[],"product_cat":[22],"product_tag":[],"class_list":["post-2193","product","type-product","status-publish","has-post-thumbnail","hentry","product_cat-our-subscriptions"],"_links":{"self":[{"href":"https:\/\/hammampacha.com\/shop-en\/wp-json\/wp\/v2\/product\/2193"}],"collection":[{"href":"https:\/\/hammampacha.com\/shop-en\/wp-json\/wp\/v2\/product"}],"about":[{"href":"https:\/\/hammampacha.com\/shop-en\/wp-json\/wp\/v2\/types\/product"}],"wp:featuredmedia":[{"embeddable":true,"href":"https:\/\/hammampacha.com\/shop-en\/wp-json\/wp\/v2\/media\/2288"}],"wp:attachment":[{"href":"https:\/\/hammampacha.com\/shop-en\/wp-json\/wp\/v2\/media?parent=2193"}],"wp:term":[{"taxonomy":"product_cat","embeddable":true,"href":"https:\/\/hammampacha.com\/shop-en\/wp-json\/wp\/v2\/product_cat?post=2193"},{"taxonomy":"product_tag","embeddable":true,"href":"https:\/\/hammampacha.com\/shop-en\/wp-json\/wp\/v2\/product_tag?post=2193"}],"curies":[{"name":"wp","href":"https:\/\/api.w.org\/{rel}","templated":true}]}}