{"id":105189,"date":"2023-06-18T17:48:24","date_gmt":"2023-06-18T15:48:24","guid":{"rendered":"https:\/\/hammampacha.com\/shop\/produit\/forfait-ephemere-douceur-2\/"},"modified":"2023-08-02T01:01:52","modified_gmt":"2023-08-01T23:01:52","slug":"pacote-ephemere-douceur-2","status":"publish","type":"product","link":"https:\/\/hammampacha.com\/shop\/produit\/pacote-ephemere-douceur-2\/?lang=pt-pt","title":{"rendered":"PACOTE EPH\u00c9M\u00c8RE DOUCEUR"},"content":{"rendered":"<div class=\"product-name\">\n<h1>ESTE PACOTE EPH\u00c9M\u00c8RE DOUCEUR V\u00c1LIDO AT\u00c9 21 de setembro de 2023 INCLUI :<\/h1>\n<\/div>\n<div class=\"short-description\">\n<table style=\"width: 100%; height: 264px;\" border=\"0\" cellspacing=\"0\" cellpadding=\"0\">\n<tbody>\n<tr style=\"height: 24px;\">\n<td style=\"height: 24px;\">1 entrada (com roup\u00e3o de banho, toalha e chinelos)<\/td>\n<td style=\"height: 24px;\">39 \u20ac<\/td>\n<\/tr>\n<tr style=\"height: 24px;\">\n<td style=\"height: 24px;\">1 tubo de sab\u00e3o preto<\/td>\n<td style=\"height: 24px;\">12 \u20ac<\/td>\n<td style=\"height: 24px;\"><\/td>\n<\/tr>\n<tr style=\"height: 24px;\">\n<td style=\"height: 24px;\">1 luva de esfregar<\/td>\n<td style=\"height: 24px;\">12 \u20ac<\/td>\n<\/tr>\n<tr style=\"height: 24px;\">\n<td style=\"height: 24px;\">1 esfrega efectuada por um dos nossos lavadores<\/td>\n<td style=\"height: 24px;\">20 \u20ac<\/td>\n<\/tr>\n<tr style=\"height: 48px;\">\n<td style=\"height: 48px;\">1 Cuidado emoliente de corpo inteiro com baunilha e \u00f3leo de coco<br \/>\nHidrata\u00e7\u00e3o intensa e sensa\u00e7\u00e3o de leveza<\/td>\n<td style=\"height: 48px;\">20 \u20ac<\/td>\n<\/tr>\n<tr style=\"height: 24px;\">\n<td style=\"height: 24px;\">1 gel de banho com baunilha e \u00f3leo de coco<\/td>\n<td style=\"height: 24px;\">20 \u20ac<\/td>\n<\/tr>\n<tr style=\"height: 24px;\">\n<td style=\"height: 24px;\">1 ch\u00e1 de baunilha<\/td>\n<td style=\"height: 24px;\">5 \u20ac<\/td>\n<\/tr>\n<tr style=\"height: 24px;\">\n<td style=\"height: 24px;\"><strong>Total \u00e0 la carte :<\/strong><\/td>\n<td style=\"height: 24px;\"><span style=\"text-decoration: line-through;\">128\u20ac<\/span><\/td>\n<\/tr>\n<tr style=\"height: 24px;\">\n<td style=\"height: 24px;\"><strong>Pacote total :<\/strong><\/td>\n<td style=\"height: 24px;\"><strong>95\u20ac<\/strong><\/td>\n<\/tr>\n<\/tbody>\n<\/table>\n<p><span style=\"color: #993366;\"><strong><span style=\"font-size: 14pt;\">\u00a0<\/span><\/strong><\/span><\/p>\n<p>M\u00ednimo de 3 horas &#8211; Sem marca\u00e7\u00e3o<br \/>\n<strong>Este pacote coup d&rsquo;\u00e9clat ef\u00e9mero \u00e9 v\u00e1lido at\u00e9 21 de SETEMBRO de 2023.<\/strong><br \/>\nV\u00e1lido apenas no Hammam Pacha em PARIS<\/p>\n<p><strong>Poder\u00e1 descarregar a sua encomenda assim que tiver efectuado o pagamento.<\/strong><\/p>\n<figure id=\"attachment_89902\" aria-describedby=\"caption-attachment-89902\" style=\"width: 300px\" class=\"wp-caption alignnone\"><img loading=\"lazy\" decoding=\"async\" class=\"wp-image-89902 size-medium\" src=\"https:\/\/hammampacha.com\/shop\/wp-content\/uploads\/2022\/09\/Massage-du-corps-hammam-pacha-300x216.jpg\" alt=\"Massage du corps Hammam Pacha\" width=\"300\" height=\"216\" title=\"\" srcset=\"https:\/\/hammampacha.com\/shop\/wp-content\/uploads\/2022\/09\/Massage-du-corps-hammam-pacha-300x216.jpg 300w, https:\/\/hammampacha.com\/shop\/wp-content\/uploads\/2022\/09\/Massage-du-corps-hammam-pacha-416x300.jpg 416w, https:\/\/hammampacha.com\/shop\/wp-content\/uploads\/2022\/09\/Massage-du-corps-hammam-pacha.jpg 600w\" sizes=\"auto, (max-width: 300px) 100vw, 300px\" \/><figcaption id=\"caption-attachment-89902\" class=\"wp-caption-text\">Pacote Eph\u00e9m\u00e8re Douceur<\/figcaption><\/figure>\n<\/div>\n","protected":false},"excerpt":{"rendered":"<p>ESTE PACOTE EPH\u00c9M\u00c8RE DOUCEUR V\u00c1LIDO AT\u00c9 21 de setembro de 2023 INCLUI : 1 entrada (com roup\u00e3o de banho, toalha e chinelos) 39 \u20ac 1 tubo de sab\u00e3o preto 12 \u20ac 1 luva de esfregar 12 \u20ac 1 esfrega efectuada por um dos nossos lavadores 20 \u20ac 1 Cuidado emoliente de corpo inteiro com baunilha [&hellip;]<\/p>\n","protected":false},"featured_media":106419,"template":"","meta":[],"product_brand":[],"product_cat":[252],"product_tag":[],"class_list":{"0":"post-105189","1":"product","2":"type-product","3":"status-publish","4":"has-post-thumbnail","6":"product_cat-promotion-pt-pt","8":"first","9":"instock","10":"sale","11":"virtual","12":"taxable","13":"purchasable","14":"product-type-simple"},"_links":{"self":[{"href":"https:\/\/hammampacha.com\/shop\/wp-json\/wp\/v2\/product\/105189","targetHints":{"allow":["GET"]}}],"collection":[{"href":"https:\/\/hammampacha.com\/shop\/wp-json\/wp\/v2\/product"}],"about":[{"href":"https:\/\/hammampacha.com\/shop\/wp-json\/wp\/v2\/types\/product"}],"wp:featuredmedia":[{"embeddable":true,"href":"https:\/\/hammampacha.com\/shop\/wp-json\/wp\/v2\/media\/106419"}],"wp:attachment":[{"href":"https:\/\/hammampacha.com\/shop\/wp-json\/wp\/v2\/media?parent=105189"}],"wp:term":[{"taxonomy":"product_brand","embeddable":true,"href":"https:\/\/hammampacha.com\/shop\/wp-json\/wp\/v2\/product_brand?post=105189"},{"taxonomy":"product_cat","embeddable":true,"href":"https:\/\/hammampacha.com\/shop\/wp-json\/wp\/v2\/product_cat?post=105189"},{"taxonomy":"product_tag","embeddable":true,"href":"https:\/\/hammampacha.com\/shop\/wp-json\/wp\/v2\/product_tag?post=105189"}],"curies":[{"name":"wp","href":"https:\/\/api.w.org\/{rel}","templated":true}]}}