{"id":1143,"date":"2019-11-14T02:32:21","date_gmt":"2019-11-14T01:32:21","guid":{"rendered":"http:\/\/hammampacha.com\/shop\/produit\/entrada-hammam-pacha-paris\/"},"modified":"2023-08-05T01:58:26","modified_gmt":"2023-08-04T23:58:26","slug":"entrada-hammam-pacha-paris","status":"publish","type":"product","link":"https:\/\/hammampacha.com\/shop\/produit\/entrada-hammam-pacha-paris\/?lang=es","title":{"rendered":"Entrada Hammam Pacha Paris"},"content":{"rendered":"<p>Este forfait incluye:<\/p>\n<p>1 entrada al Hammam Pacha de Paris<\/p>\n<p>con albornoz, toalla y zapatillas<\/p>\n<p>M\u00ednimo 1 hora y 30 minutos \u2013 <strong>Sin cita previa<\/strong><\/p>\n<p><strong>Los tiempos indicados para cada procedimiento pueden ser m\u00e1s largos en funci\u00f3n de la carga de trabajo y se dan a t\u00edtulo orientativo.<\/strong><\/p>\n<p>Esta entrada tiene vigencia durante 1 a\u00f1o a partir de su fecha de emisi\u00f3n.<br \/>\nV\u00e1lido \u00fanicamente en el Hammam Pacha de Paris<\/p>\n<p><span style=\"color: #4e2222;\"><b><br \/>\n<\/b><\/span><b>Ahora puede descargar e imprimir directamente sus bonos de regalo en cuanto su pedido est\u00e9 terminado.\u00a0<\/b><\/p>\n","protected":false},"excerpt":{"rendered":"<p>Entrada Hammam Pacha Paris<\/p>\n","protected":false},"featured_media":592,"template":"","meta":[],"product_brand":[],"product_cat":[151,121],"product_tag":[],"class_list":{"0":"post-1143","1":"product","2":"type-product","3":"status-publish","4":"has-post-thumbnail","6":"product_cat-entradas-es","7":"product_cat-forfaits","9":"first","10":"instock","11":"featured","12":"virtual","13":"taxable","14":"purchasable","15":"product-type-simple"},"_links":{"self":[{"href":"https:\/\/hammampacha.com\/shop\/wp-json\/wp\/v2\/product\/1143","targetHints":{"allow":["GET"]}}],"collection":[{"href":"https:\/\/hammampacha.com\/shop\/wp-json\/wp\/v2\/product"}],"about":[{"href":"https:\/\/hammampacha.com\/shop\/wp-json\/wp\/v2\/types\/product"}],"wp:featuredmedia":[{"embeddable":true,"href":"https:\/\/hammampacha.com\/shop\/wp-json\/wp\/v2\/media\/592"}],"wp:attachment":[{"href":"https:\/\/hammampacha.com\/shop\/wp-json\/wp\/v2\/media?parent=1143"}],"wp:term":[{"taxonomy":"product_brand","embeddable":true,"href":"https:\/\/hammampacha.com\/shop\/wp-json\/wp\/v2\/product_brand?post=1143"},{"taxonomy":"product_cat","embeddable":true,"href":"https:\/\/hammampacha.com\/shop\/wp-json\/wp\/v2\/product_cat?post=1143"},{"taxonomy":"product_tag","embeddable":true,"href":"https:\/\/hammampacha.com\/shop\/wp-json\/wp\/v2\/product_tag?post=1143"}],"curies":[{"name":"wp","href":"https:\/\/api.w.org\/{rel}","templated":true}]}}