{"id":12301,"date":"2019-12-06T14:35:49","date_gmt":"2019-12-06T13:35:49","guid":{"rendered":"http:\/\/hammampacha.com\/shop\/produit\/zeitkarte-unbegrenzter-eintritt-1-jahr-gultig\/"},"modified":"2020-01-29T11:08:37","modified_gmt":"2020-01-29T10:08:37","slug":"zeitkarte-unbegrenzter-eintritt-1-jahr-gultig","status":"publish","type":"product","link":"https:\/\/hammampacha.com\/shop\/produit\/zeitkarte-unbegrenzter-eintritt-1-jahr-gultig\/?lang=de","title":{"rendered":"ZEITKARTE UNBEGRENZTER EINTRITT: 1 JAHR G\u00dcLTIG"},"content":{"rendered":"<p>ZEITKARTE UNBEGRENZTER EINTRITT: 1 JAHR G\u00dcLTIG<\/p>\n<p><strong><u>Bezahlung in 3 oder 4 Raten vor Ort oder per Telefon<\/u><\/strong><\/p>\n<p>Mit dieser Karte k\u00f6nnen Sie das Hammam Pacha in Paris 1 Jahr lang, so oft Sie m\u00f6chten, besuchen.<br \/>\n(t\u00e4glich, auch an Wochenenden und Feiertagen g\u00fcltig)<\/p>\n<p>Inklusive 2 Einladungen: Damit auch Ihre Freundinnen das Hammam Pacha kennenlernen.<\/p>\n<p>Einladung verwendbar f\u00fcr 1 oder 2 Besuche.<\/p>\n<p>Nutzen Sie alle unsere Einrichtungen ohne Einschr\u00e4nkung ein ganzes Jahr: Eintritt, Umkleideraum, Hammam, Sauna, Whirlpool, Ruheraum.<\/p>\n<p>Die Abonnementkarte wird Ihnen bei Ihrem ersten Besuch im Hammam Pacha PARIS ausgeh\u00e4ndigt; Sie m\u00fcssen sie anschlie\u00dfend jedes Mal vorlegen.<\/p>\n","protected":false},"excerpt":{"rendered":"<p>ZEITKARTE UNBEGRENZTER EINTRITT: 1 JAHR G\u00dcLTIG<\/p>\n","protected":false},"featured_media":2300,"template":"","meta":[],"product_brand":[],"product_cat":[133],"product_tag":[],"class_list":{"0":"post-12301","1":"product","2":"type-product","3":"status-publish","4":"has-post-thumbnail","6":"product_cat-abonnements","8":"first","9":"instock","10":"virtual","11":"taxable","12":"purchasable","13":"product-type-simple"},"_links":{"self":[{"href":"https:\/\/hammampacha.com\/shop\/wp-json\/wp\/v2\/product\/12301","targetHints":{"allow":["GET"]}}],"collection":[{"href":"https:\/\/hammampacha.com\/shop\/wp-json\/wp\/v2\/product"}],"about":[{"href":"https:\/\/hammampacha.com\/shop\/wp-json\/wp\/v2\/types\/product"}],"wp:featuredmedia":[{"embeddable":true,"href":"https:\/\/hammampacha.com\/shop\/wp-json\/wp\/v2\/media\/2300"}],"wp:attachment":[{"href":"https:\/\/hammampacha.com\/shop\/wp-json\/wp\/v2\/media?parent=12301"}],"wp:term":[{"taxonomy":"product_brand","embeddable":true,"href":"https:\/\/hammampacha.com\/shop\/wp-json\/wp\/v2\/product_brand?post=12301"},{"taxonomy":"product_cat","embeddable":true,"href":"https:\/\/hammampacha.com\/shop\/wp-json\/wp\/v2\/product_cat?post=12301"},{"taxonomy":"product_tag","embeddable":true,"href":"https:\/\/hammampacha.com\/shop\/wp-json\/wp\/v2\/product_tag?post=12301"}],"curies":[{"name":"wp","href":"https:\/\/api.w.org\/{rel}","templated":true}]}}