{"id":13008,"date":"2019-11-14T02:32:21","date_gmt":"2019-11-14T01:32:21","guid":{"rendered":"http:\/\/hammampacha.com\/shop\/produit\/entree-hammam-pacha-paris\/"},"modified":"2023-08-05T01:55:28","modified_gmt":"2023-08-04T23:55:28","slug":"entrada-hammam-pacha-paris","status":"publish","type":"product","link":"https:\/\/hammampacha.com\/shop\/produit\/entrada-hammam-pacha-paris\/?lang=pt-pt","title":{"rendered":"ENTRADA HAMMAM PACHA PARIS"},"content":{"rendered":"<p>Este pacote inclui :<\/p>\n<p>1 entrada no Hammam Pacha de Paris<\/p>\n<p>com roup\u00e3o de banho, toalha e chinelos fornecidos<\/p>\n<p>M\u00ednimo 1h30 &#8211; <strong>Sem marca\u00e7\u00e3o<\/strong><\/p>\n<p><strong>Os tempos indicados para cada procedimento podem ser mais longos em fun\u00e7\u00e3o do volume de trabalho e s\u00e3o dados a t\u00edtulo indicativo.<\/strong><\/p>\n<p>V\u00e1lido por 1 ano a partir da data de emiss\u00e3o<br \/>\nV\u00e1lido apenas no Hammam Pacha de Paris<\/p>\n<p>J\u00e1 pode descarregar e imprimir os seus cheques-prenda depois de ter conclu\u00eddo a sua encomenda.<\/p>\n","protected":false},"excerpt":{"rendered":"<p>ENTRADA HAMMAM PACHA PARIS<\/p>\n","protected":false},"featured_media":590,"template":"","meta":[],"product_brand":[],"product_cat":[149,129],"product_tag":[],"class_list":{"0":"post-13008","1":"product","2":"type-product","3":"status-publish","4":"has-post-thumbnail","6":"product_cat-entradas","7":"product_cat-pacotes","9":"first","10":"instock","11":"virtual","12":"taxable","13":"purchasable","14":"product-type-simple"},"_links":{"self":[{"href":"https:\/\/hammampacha.com\/shop\/wp-json\/wp\/v2\/product\/13008","targetHints":{"allow":["GET"]}}],"collection":[{"href":"https:\/\/hammampacha.com\/shop\/wp-json\/wp\/v2\/product"}],"about":[{"href":"https:\/\/hammampacha.com\/shop\/wp-json\/wp\/v2\/types\/product"}],"wp:featuredmedia":[{"embeddable":true,"href":"https:\/\/hammampacha.com\/shop\/wp-json\/wp\/v2\/media\/590"}],"wp:attachment":[{"href":"https:\/\/hammampacha.com\/shop\/wp-json\/wp\/v2\/media?parent=13008"}],"wp:term":[{"taxonomy":"product_brand","embeddable":true,"href":"https:\/\/hammampacha.com\/shop\/wp-json\/wp\/v2\/product_brand?post=13008"},{"taxonomy":"product_cat","embeddable":true,"href":"https:\/\/hammampacha.com\/shop\/wp-json\/wp\/v2\/product_cat?post=13008"},{"taxonomy":"product_tag","embeddable":true,"href":"https:\/\/hammampacha.com\/shop\/wp-json\/wp\/v2\/product_tag?post=13008"}],"curies":[{"name":"wp","href":"https:\/\/api.w.org\/{rel}","templated":true}]}}