{"id":1439,"date":"2019-12-01T08:11:03","date_gmt":"2019-12-01T07:11:03","guid":{"rendered":"http:\/\/hammampacha.com\/shop\/?post_type=product&#038;p=1439"},"modified":"2026-03-09T12:17:55","modified_gmt":"2026-03-09T11:17:55","slug":"savon-noir-50-ml","status":"publish","type":"product","link":"https:\/\/hammampacha.com\/shop\/produit\/savon-noir-50-ml\/","title":{"rendered":"Savon noir 50 ml"},"content":{"rendered":"<p><strong>Il nettoie la peau tout en douceur<br \/>\nLe savon noir est si doux qu\u2019il peut s\u2019utiliser<br \/>\nau quotidien comme gel douche une fois dilu\u00e9 dans l\u2019eau.<br \/>\nId\u00e9al pour nettoyer \u00e9galement le visage<br \/>\n(attention ne pas s\u2019approcher trop des yeux).<br \/>\nAppliquez le savon noir en l\u2019\u00e9mulsionnant et laisser agir 10 minutes,<br \/>\npuis rincez tout en gommant avec un gant sp\u00e9cial marocain ou un gant de crin.<br \/>\nPeau douce et nette garantie.<\/strong><\/p>\n<p>Origines<br \/>\nRiche en vitamines E, le savon noir poss\u00e8de des<br \/>\npropri\u00e9t\u00e9s hydratantes et exfoliantes.<br \/>\nIl est \u00e9norm\u00e9ment utilis\u00e9 en Afrique du Nord pour purifier l\u2019\u00e9piderme.<\/p>\n<p>Au Hammam Pacha<br \/>\nNous vous proposons un savon noir pur 100% naturel<br \/>\ndirectement import\u00e9 du Maroc. C\u2019est un excellent anti rides<br \/>\ngr\u00e2ce \u00e0 son film hydrolipidique qui pr\u00e9servera \u00e0 coup s\u00fbr<br \/>\nla bonne sant\u00e9 de votre peau.<\/p>\n<p>Tube de 50 ml 12\u20ac<\/p>\n<div class=\"short-description\">\n<p><u>Frais de port gratuits pour la France \u00e0 partir de 25 \u20ac d&rsquo;exp\u00e9dition<\/u><\/p>\n<p><strong>2 options pour commander : <\/strong><\/p>\n<p><strong>En t\u00e9l\u00e9chargement imm\u00e9diat : les produits seront \u00e0 votre disposition lors de votre venue au Hammam Pacha. <\/strong><\/p>\n<p><strong>Par la poste : Les produits seront exp\u00e9di\u00e9s en colissimo \u00e0 votre adresse dans un coffret cadeau.<\/strong><\/p>\n<\/div>\n","protected":false},"excerpt":{"rendered":"<p><strong>Savon noir 50 ml Hammam Pacha<\/strong><\/p>\n","protected":false},"featured_media":123747,"template":"","meta":[],"product_brand":[],"product_cat":[119],"product_tag":[],"class_list":{"0":"post-1439","1":"product","2":"type-product","3":"status-publish","4":"has-post-thumbnail","6":"product_cat-nos-produits","8":"first","9":"instock","10":"virtual","11":"taxable","12":"purchasable","13":"product-type-simple"},"_links":{"self":[{"href":"https:\/\/hammampacha.com\/shop\/wp-json\/wp\/v2\/product\/1439","targetHints":{"allow":["GET"]}}],"collection":[{"href":"https:\/\/hammampacha.com\/shop\/wp-json\/wp\/v2\/product"}],"about":[{"href":"https:\/\/hammampacha.com\/shop\/wp-json\/wp\/v2\/types\/product"}],"wp:featuredmedia":[{"embeddable":true,"href":"https:\/\/hammampacha.com\/shop\/wp-json\/wp\/v2\/media\/123747"}],"wp:attachment":[{"href":"https:\/\/hammampacha.com\/shop\/wp-json\/wp\/v2\/media?parent=1439"}],"wp:term":[{"taxonomy":"product_brand","embeddable":true,"href":"https:\/\/hammampacha.com\/shop\/wp-json\/wp\/v2\/product_brand?post=1439"},{"taxonomy":"product_cat","embeddable":true,"href":"https:\/\/hammampacha.com\/shop\/wp-json\/wp\/v2\/product_cat?post=1439"},{"taxonomy":"product_tag","embeddable":true,"href":"https:\/\/hammampacha.com\/shop\/wp-json\/wp\/v2\/product_tag?post=1439"}],"curies":[{"name":"wp","href":"https:\/\/api.w.org\/{rel}","templated":true}]}}