{"id":2191,"date":"2019-12-06T14:35:49","date_gmt":"2019-12-06T13:35:49","guid":{"rendered":"http:\/\/hammampacha.com\/shop\/?post_type=product&#038;p=2191"},"modified":"2023-07-12T20:44:28","modified_gmt":"2023-07-12T18:44:28","slug":"carte-entrees-illimitees-valable-1-an","status":"publish","type":"product","link":"https:\/\/hammampacha.com\/shop\/produit\/carte-entrees-illimitees-valable-1-an\/","title":{"rendered":"CARTE ENTREES ILLIMITEES VALABLE 1 AN + 2 invitations"},"content":{"rendered":"<p>CARTE ENTREES ILLIMITEES VALABLE 1 AN + 2 invitations<\/p>\n<p>Paiement en 3 ou 4 fois sur place ou par t\u00e9l\u00e9phone<\/p>\n<p>Cet abonnement vous permet de vous rendre au Hammam Pacha de Paris<br \/>\nautant de fois que vous le souhaitez pendant 1 an.<br \/>\n(valable tous les jours y compris les WE et jours f\u00e9ri\u00e9s)<\/p>\n<p>2 invitations incluses : Faites profiter \u00e0 2 de vos amies les bienfaits du Hammam.<\/p>\n<p>Invitations utilisables en 1 ou 2 fois.<\/p>\n<p>Profitez sans limite de toutes nos installations pendant 1 an :<br \/>\nentr\u00e9e, vestiaire, hammam, sauna, bain \u00e0 remous, salle de repos.<\/p>\n<p>La carte d&rsquo;abonnement qui vous sera remise lors de votre premi\u00e8re visite<br \/>\nsera \u00e0 pr\u00e9senter \u00e0 chaque visite au Hammam Pacha PARIS<\/p>\n","protected":false},"excerpt":{"rendered":"<p>CARTE ENTREES ILLIMITEES VALABLE 1 AN<\/p>\n","protected":false},"featured_media":2297,"template":"","meta":[],"product_brand":[],"product_cat":[22],"product_tag":[],"class_list":{"0":"post-2191","1":"product","2":"type-product","3":"status-publish","4":"has-post-thumbnail","6":"product_cat-nos-abonnements","8":"first","9":"instock","10":"virtual","11":"taxable","12":"purchasable","13":"product-type-simple"},"_links":{"self":[{"href":"https:\/\/hammampacha.com\/shop\/wp-json\/wp\/v2\/product\/2191","targetHints":{"allow":["GET"]}}],"collection":[{"href":"https:\/\/hammampacha.com\/shop\/wp-json\/wp\/v2\/product"}],"about":[{"href":"https:\/\/hammampacha.com\/shop\/wp-json\/wp\/v2\/types\/product"}],"wp:featuredmedia":[{"embeddable":true,"href":"https:\/\/hammampacha.com\/shop\/wp-json\/wp\/v2\/media\/2297"}],"wp:attachment":[{"href":"https:\/\/hammampacha.com\/shop\/wp-json\/wp\/v2\/media?parent=2191"}],"wp:term":[{"taxonomy":"product_brand","embeddable":true,"href":"https:\/\/hammampacha.com\/shop\/wp-json\/wp\/v2\/product_brand?post=2191"},{"taxonomy":"product_cat","embeddable":true,"href":"https:\/\/hammampacha.com\/shop\/wp-json\/wp\/v2\/product_cat?post=2191"},{"taxonomy":"product_tag","embeddable":true,"href":"https:\/\/hammampacha.com\/shop\/wp-json\/wp\/v2\/product_tag?post=2191"}],"curies":[{"name":"wp","href":"https:\/\/api.w.org\/{rel}","templated":true}]}}