{"id":9140,"date":"2019-11-16T07:51:28","date_gmt":"2019-11-16T06:51:28","guid":{"rendered":"http:\/\/hammampacha.com\/shop\/produit\/paquete-deleite-paris\/"},"modified":"2023-08-05T01:43:35","modified_gmt":"2023-08-04T23:43:35","slug":"paquete-deleite-paris","status":"publish","type":"product","link":"https:\/\/hammampacha.com\/shop\/produit\/paquete-deleite-paris\/?lang=es","title":{"rendered":"PAQUETE DELEITE PARIS"},"content":{"rendered":"<p>Este forfait incluye:<\/p>\n<table class=\" cke_show_border\" border=\"0\" cellspacing=\"0\" cellpadding=\"0\">\n<tbody>\n<tr>\n<td>1 entrada com roup\u00e3o, toalha e chinelos<\/td>\n<td>39 \u20ac<\/td>\n<\/tr>\n<tr>\n<td>1 tajine kofta o vegetariano<\/td>\n<td>20 \u20ac<\/td>\n<\/tr>\n<tr>\n<td>1 postre<\/td>\n<td>\u00a0 6 \u20ac<\/td>\n<\/tr>\n<tr>\n<td>1 bebida soft<\/td>\n<td>\u00a0 4 \u20ac<\/td>\n<\/tr>\n<tr>\n<td>Total \u00ab\u00a0a la carta\u00a0\u00bb<\/td>\n<td><span style=\"text-decoration: line-through;\">69 \u20ac<\/span><\/td>\n<\/tr>\n<tr>\n<td><strong>En el paquete <\/strong><\/td>\n<td><strong>60 \u20ac<\/strong><\/td>\n<\/tr>\n<\/tbody>\n<\/table>\n<p><strong>\u00a1Es todo un placer! Nuestro tay\u00edn org\u00e1nico es delicioso y sano<\/strong><\/p>\n<p>M\u00ednimo 3 horas\u00a0\u2013 <strong>Sin cita previa<\/strong><\/p>\n<p><strong>Los tiempos indicados para cada procedimiento pueden ser m\u00e1s largos en funci\u00f3n de la carga de trabajo y se dan a t\u00edtulo orientativo.<\/strong><\/p>\n<p>Esta entrada tiene vigencia durante 1 a\u00f1o a partir de su fecha de emisi\u00f3n.<br \/>\nV\u00e1lido \u00fanicamente en el Hammam Pacha de Paris.<\/p>\n<p><b>Ahora puede descargar e imprimir directamente sus bonos de regalo en cuanto su pedido est\u00e9 terminado.\u00a0<\/b><span style=\"color: #4e2222;\"><b><br \/>\n<\/b><\/span><\/p>\n","protected":false},"excerpt":{"rendered":"<p><strong>\u00a1Es todo un placer! Nuestro tay\u00edn org\u00e1nico es delicioso y sano<\/strong><\/p>\n","protected":false},"featured_media":600,"template":"","meta":[],"product_brand":[],"product_cat":[121],"product_tag":[],"class_list":{"0":"post-9140","1":"product","2":"type-product","3":"status-publish","4":"has-post-thumbnail","6":"product_cat-forfaits","8":"first","9":"instock","10":"featured","11":"virtual","12":"taxable","13":"purchasable","14":"product-type-simple"},"_links":{"self":[{"href":"https:\/\/hammampacha.com\/shop\/wp-json\/wp\/v2\/product\/9140","targetHints":{"allow":["GET"]}}],"collection":[{"href":"https:\/\/hammampacha.com\/shop\/wp-json\/wp\/v2\/product"}],"about":[{"href":"https:\/\/hammampacha.com\/shop\/wp-json\/wp\/v2\/types\/product"}],"wp:featuredmedia":[{"embeddable":true,"href":"https:\/\/hammampacha.com\/shop\/wp-json\/wp\/v2\/media\/600"}],"wp:attachment":[{"href":"https:\/\/hammampacha.com\/shop\/wp-json\/wp\/v2\/media?parent=9140"}],"wp:term":[{"taxonomy":"product_brand","embeddable":true,"href":"https:\/\/hammampacha.com\/shop\/wp-json\/wp\/v2\/product_brand?post=9140"},{"taxonomy":"product_cat","embeddable":true,"href":"https:\/\/hammampacha.com\/shop\/wp-json\/wp\/v2\/product_cat?post=9140"},{"taxonomy":"product_tag","embeddable":true,"href":"https:\/\/hammampacha.com\/shop\/wp-json\/wp\/v2\/product_tag?post=9140"}],"curies":[{"name":"wp","href":"https:\/\/api.w.org\/{rel}","templated":true}]}}