{"id":9144,"date":"2019-11-16T08:39:42","date_gmt":"2019-11-16T07:39:42","guid":{"rendered":"http:\/\/hammampacha.com\/shop\/produit\/paquete-marino-paris\/"},"modified":"2023-08-05T03:11:20","modified_gmt":"2023-08-05T01:11:20","slug":"paquete-marino-paris","status":"publish","type":"product","link":"https:\/\/hammampacha.com\/shop\/produit\/paquete-marino-paris\/?lang=es","title":{"rendered":"PAQUETE MARINO PARIS"},"content":{"rendered":"<p>Este forfait incluye:<\/p>\n<table class=\" cke_show_border\" border=\"0\" cellspacing=\"0\" cellpadding=\"0\">\n<tbody>\n<tr>\n<td>1 entrada con albornoz, toalla y zapatillas<\/td>\n<td>39 \u20ac<\/td>\n<\/tr>\n<tr>\n<td>1 guante de engomado<\/td>\n<td>12 \u20ac<\/td>\n<\/tr>\n<tr>\n<td>1 jab\u00f3n negro<\/td>\n<td>12 \u20ac<\/td>\n<\/tr>\n<tr>\n<td>1 tarro de crema de Argan<\/td>\n<td>20 \u20ac<\/td>\n<\/tr>\n<tr>\n<td>1 Exfoliaci\u00f3n realizada por uno de nuestros exfoliadore<\/td>\n<td>20 \u20ac<\/td>\n<\/tr>\n<tr>\n<td>1 masaje corporal con aceites (a elegir) 30 min.<\/td>\n<td>50 \u20ac<\/td>\n<\/tr>\n<tr>\n<td>1 mascarilla de belleza y masaje del rostro<\/td>\n<td>30 \u20ac<\/td>\n<\/tr>\n<tr>\n<td>1 envoltura de algas y enjabonado con flor de azahar<\/td>\n<td>40 \u20ac<\/td>\n<\/tr>\n<tr>\n<td>1 comida ( 1 plato principal + 1 postre + 1 refresco )<\/td>\n<td>30 \u20ac<\/td>\n<\/tr>\n<tr>\n<td>Total \u00ab\u00a0a la carta\u00a0\u00bb<\/td>\n<td><span style=\"text-decoration: line-through;\">253 \u20ac<\/span><\/td>\n<\/tr>\n<tr>\n<td><strong>En el paquete <\/strong><\/td>\n<td><strong>185 \u20ac<\/strong><\/td>\n<\/tr>\n<\/tbody>\n<\/table>\n<p><strong>Un momento inolvidable. Un cuidado antioxidante, ideal para revitalizarse. \u00a1Simplemente perfecto!<\/strong><\/p>\n<p>M\u00ednimo 5 horas \u2013 <strong>Sin cita previa<\/strong><\/p>\n<p><strong>Los tiempos indicados para cada procedimiento pueden ser m\u00e1s largos en funci\u00f3n de la carga de trabajo y se dan a t\u00edtulo orientativo.<\/strong><\/p>\n<p>Esta entrada tiene vigencia durante 1 a\u00f1o a partir de su fecha de emisi\u00f3n.<br \/>\nV\u00e1lido \u00fanicamente en el Hammam Pacha de Paris<\/p>\n<p><strong>Masaje no terap\u00e9utico<\/strong><\/p>\n<p><b>Ahora puede descargar e imprimir directamente sus bonos de regalo en cuanto su pedido est\u00e9 terminado.\u00a0<\/b><span style=\"color: #4e2222;\"><b><br \/>\n<\/b><\/span><\/p>\n","protected":false},"excerpt":{"rendered":"<p><strong>Un momento inolvidable. Un cuidado antioxidante, ideal para revitalizarse. \u00a1Simplemente perfecto!<\/strong><\/p>\n","protected":false},"featured_media":624,"template":"","meta":[],"product_brand":[],"product_cat":[121],"product_tag":[],"class_list":{"0":"post-9144","1":"product","2":"type-product","3":"status-publish","4":"has-post-thumbnail","6":"product_cat-forfaits","8":"first","9":"instock","10":"featured","11":"virtual","12":"taxable","13":"purchasable","14":"product-type-simple"},"_links":{"self":[{"href":"https:\/\/hammampacha.com\/shop\/wp-json\/wp\/v2\/product\/9144","targetHints":{"allow":["GET"]}}],"collection":[{"href":"https:\/\/hammampacha.com\/shop\/wp-json\/wp\/v2\/product"}],"about":[{"href":"https:\/\/hammampacha.com\/shop\/wp-json\/wp\/v2\/types\/product"}],"wp:featuredmedia":[{"embeddable":true,"href":"https:\/\/hammampacha.com\/shop\/wp-json\/wp\/v2\/media\/624"}],"wp:attachment":[{"href":"https:\/\/hammampacha.com\/shop\/wp-json\/wp\/v2\/media?parent=9144"}],"wp:term":[{"taxonomy":"product_brand","embeddable":true,"href":"https:\/\/hammampacha.com\/shop\/wp-json\/wp\/v2\/product_brand?post=9144"},{"taxonomy":"product_cat","embeddable":true,"href":"https:\/\/hammampacha.com\/shop\/wp-json\/wp\/v2\/product_cat?post=9144"},{"taxonomy":"product_tag","embeddable":true,"href":"https:\/\/hammampacha.com\/shop\/wp-json\/wp\/v2\/product_tag?post=9144"}],"curies":[{"name":"wp","href":"https:\/\/api.w.org\/{rel}","templated":true}]}}