{"id":9416,"date":"2019-11-16T07:51:28","date_gmt":"2019-11-16T06:51:28","guid":{"rendered":"http:\/\/hammampacha.com\/shop\/produit\/komplettangebot-kostlich\/"},"modified":"2023-08-05T01:37:35","modified_gmt":"2023-08-04T23:37:35","slug":"komplettangebot-kostlich","status":"publish","type":"product","link":"https:\/\/hammampacha.com\/shop\/produit\/komplettangebot-kostlich\/?lang=de","title":{"rendered":"KOMPLETTANGEBOT K\u00d6STLICH"},"content":{"rendered":"<p>Dieses Angebot umfasst :<\/p>\n<table class=\" cke_show_border\" border=\"0\" width=\"400\" cellspacing=\"0\" cellpadding=\"0\">\n<tbody>\n<tr>\n<td>1 Eintritt einschlie\u00dflich Bademantel, Handtuch und Badeschuhe<\/td>\n<td>39 \u20ac<\/td>\n<\/tr>\n<tr>\n<td>1 kofta tajine oder vegetarisch<\/td>\n<td>20 \u20ac<\/td>\n<\/tr>\n<tr>\n<td>1 dessert<\/td>\n<td>\u00a0 6 \u20ac<\/td>\n<\/tr>\n<tr>\n<td>1 getr\u00e4nk \u00ab\u00a0soft\u00a0\u00bb<\/td>\n<td>\u00a0 4 \u20ac<\/td>\n<\/tr>\n<tr>\n<td>Gesamt :<\/td>\n<td><span style=\"text-decoration: line-through;\">69 \u20ac<\/span><\/td>\n<\/tr>\n<tr>\n<td><strong>In Paket<\/strong><\/td>\n<td><strong>60 \u20ac<\/strong><\/td>\n<\/tr>\n<\/tbody>\n<\/table>\n<p><strong>Genuss pur! Unsere Bio-Tajine ist schmackhaft und gesund<\/strong><\/p>\n<p>Minimum 3 stunden\u00a0\u2013 <strong>Ohne Termin<\/strong><\/p>\n<p><strong>Die f\u00fcr die einzelnen Verfahren angegebenen Zeiten k\u00f6nnen je nach Arbeitsaufwand l\u00e4nger sein und dienen nur als Richtwerte.<\/strong><\/p>\n<p>Dieser Eintritt ist ab dem Ausstellungsdatum 1 Jahr lang g\u00fcltig.<br \/>\nNur g\u00fcltig f\u00fcr das Hammam Pacha in Paris.<\/p>\n<p><strong>Sie k\u00f6nnen Ihre Geschenkgutscheine jetzt auch direkt nach Abschluss der Bestellung herunterladen und drucken.\u00a0<\/strong><\/p>\n","protected":false},"excerpt":{"rendered":"<p><strong>Genuss pur! Unsere Bio-Tajine ist schmackhaft und gesund<\/strong><\/p>\n","protected":false},"featured_media":595,"template":"","meta":[],"product_brand":[],"product_cat":[125],"product_tag":[],"class_list":{"0":"post-9416","1":"product","2":"type-product","3":"status-publish","4":"has-post-thumbnail","6":"product_cat-komplettangebote","8":"first","9":"instock","10":"featured","11":"virtual","12":"taxable","13":"purchasable","14":"product-type-simple"},"_links":{"self":[{"href":"https:\/\/hammampacha.com\/shop\/wp-json\/wp\/v2\/product\/9416","targetHints":{"allow":["GET"]}}],"collection":[{"href":"https:\/\/hammampacha.com\/shop\/wp-json\/wp\/v2\/product"}],"about":[{"href":"https:\/\/hammampacha.com\/shop\/wp-json\/wp\/v2\/types\/product"}],"wp:featuredmedia":[{"embeddable":true,"href":"https:\/\/hammampacha.com\/shop\/wp-json\/wp\/v2\/media\/595"}],"wp:attachment":[{"href":"https:\/\/hammampacha.com\/shop\/wp-json\/wp\/v2\/media?parent=9416"}],"wp:term":[{"taxonomy":"product_brand","embeddable":true,"href":"https:\/\/hammampacha.com\/shop\/wp-json\/wp\/v2\/product_brand?post=9416"},{"taxonomy":"product_cat","embeddable":true,"href":"https:\/\/hammampacha.com\/shop\/wp-json\/wp\/v2\/product_cat?post=9416"},{"taxonomy":"product_tag","embeddable":true,"href":"https:\/\/hammampacha.com\/shop\/wp-json\/wp\/v2\/product_tag?post=9416"}],"curies":[{"name":"wp","href":"https:\/\/api.w.org\/{rel}","templated":true}]}}