{"id":9419,"date":"2019-11-16T07:51:28","date_gmt":"2019-11-16T06:51:28","guid":{"rendered":"http:\/\/hammampacha.com\/shop\/produit\/pacotes-delicioso-paris\/"},"modified":"2023-08-05T01:40:55","modified_gmt":"2023-08-04T23:40:55","slug":"pacotes-delicioso-paris","status":"publish","type":"product","link":"https:\/\/hammampacha.com\/shop\/produit\/pacotes-delicioso-paris\/?lang=pt-pt","title":{"rendered":"PACOTES DELICIOSO PARIS"},"content":{"rendered":"<p>Este pacote inclui :<\/p>\n<table class=\" cke_show_border\" border=\"0\" cellspacing=\"0\" cellpadding=\"0\">\n<tbody>\n<tr>\n<td>1 entrada com roup\u00e3o, toalha e chinelos<\/td>\n<td>39 \u20ac<\/td>\n<\/tr>\n<tr>\n<td>1 tajine koftas ou vegetariano<\/td>\n<td>20 \u20ac<\/td>\n<\/tr>\n<tr>\n<td>1 sobremesa<\/td>\n<td>\u00a0 6 \u20ac<\/td>\n<\/tr>\n<tr>\n<td>1 bebida soft<\/td>\n<td>\u00a0 4 \u20ac<\/td>\n<\/tr>\n<tr>\n<td>Total \u00ab\u00a0cuidados adicionais\u00a0\u00bb :<\/td>\n<td><span style=\"text-decoration: line-through;\">69 \u20ac<\/span><\/td>\n<\/tr>\n<tr>\n<td><strong>Total\u00a0 pacote :<\/strong><\/td>\n<td><strong>60 \u20ac<\/strong><\/td>\n<\/tr>\n<\/tbody>\n<\/table>\n<p><strong>100% prazer! A nossa tagine bio \u00e9 deliciosa e saud\u00e1vel<\/strong><\/p>\n<p>M\u00ednimo de 3 horas\u00a0&#8211; <strong>Sem marca\u00e7\u00e3o<\/strong><\/p>\n<p><strong>Os tempos indicados para cada procedimento podem ser mais longos em fun\u00e7\u00e3o do volume de trabalho e s\u00e3o dados a t\u00edtulo indicativo.<\/strong><\/p>\n<p>Estes pacotes s\u00e3o v\u00e1lidos durante 1 ano<br \/>\nV\u00e1lido exclusivamente no Hammam Pacha de PARIS<\/p>\n<p><b>Depois de validar a sua encomenda poder\u00e1 fazer o download e imprimir diretamente os seus vales de oferta.<\/b><span style=\"color: #4e2222;\"><b><br \/>\n<\/b><\/span><\/p>\n","protected":false},"excerpt":{"rendered":"<p><strong>100% prazer! A nossa tagine bio \u00e9 deliciosa e saud\u00e1vel<\/strong><\/p>\n","protected":false},"featured_media":598,"template":"","meta":[],"product_brand":[],"product_cat":[129],"product_tag":[],"class_list":{"0":"post-9419","1":"product","2":"type-product","3":"status-publish","4":"has-post-thumbnail","6":"product_cat-pacotes","8":"first","9":"instock","10":"featured","11":"virtual","12":"taxable","13":"purchasable","14":"product-type-simple"},"_links":{"self":[{"href":"https:\/\/hammampacha.com\/shop\/wp-json\/wp\/v2\/product\/9419","targetHints":{"allow":["GET"]}}],"collection":[{"href":"https:\/\/hammampacha.com\/shop\/wp-json\/wp\/v2\/product"}],"about":[{"href":"https:\/\/hammampacha.com\/shop\/wp-json\/wp\/v2\/types\/product"}],"wp:featuredmedia":[{"embeddable":true,"href":"https:\/\/hammampacha.com\/shop\/wp-json\/wp\/v2\/media\/598"}],"wp:attachment":[{"href":"https:\/\/hammampacha.com\/shop\/wp-json\/wp\/v2\/media?parent=9419"}],"wp:term":[{"taxonomy":"product_brand","embeddable":true,"href":"https:\/\/hammampacha.com\/shop\/wp-json\/wp\/v2\/product_brand?post=9419"},{"taxonomy":"product_cat","embeddable":true,"href":"https:\/\/hammampacha.com\/shop\/wp-json\/wp\/v2\/product_cat?post=9419"},{"taxonomy":"product_tag","embeddable":true,"href":"https:\/\/hammampacha.com\/shop\/wp-json\/wp\/v2\/product_tag?post=9419"}],"curies":[{"name":"wp","href":"https:\/\/api.w.org\/{rel}","templated":true}]}}