{"id":9704,"date":"2019-11-16T08:41:32","date_gmt":"2019-11-16T07:41:32","guid":{"rendered":"http:\/\/hammampacha.com\/shop\/produit\/pacote-completo-paris\/"},"modified":"2023-08-05T03:24:53","modified_gmt":"2023-08-05T01:24:53","slug":"pacote-completo-paris","status":"publish","type":"product","link":"https:\/\/hammampacha.com\/shop\/produit\/pacote-completo-paris\/?lang=pt-pt","title":{"rendered":"PACOTE COMPLETO PARIS"},"content":{"rendered":"<p><strong>Este pacote inclui :<\/strong><\/p>\n<table class=\" cke_show_border\" border=\"0\" cellspacing=\"0\" cellpadding=\"0\">\n<tbody>\n<tr>\n<td>1 entrada com roup\u00e3o, toalha e chinelos<\/td>\n<td>39 \u20ac<\/td>\n<\/tr>\n<tr>\n<td>1 sab\u00e3o preto<\/td>\n<td>12 \u20ac<\/td>\n<td><\/td>\n<\/tr>\n<tr>\n<td>1 luva de esfolia\u00e7\u00e3o<\/td>\n<td>12 \u20ac<\/td>\n<\/tr>\n<tr>\n<td>1 boi\u00e3o de creme de Arg\u00e3o<\/td>\n<td>20 \u20ac<\/td>\n<\/tr>\n<tr>\n<td>1 \u00f3leo de Arg\u00e3o 100% puro<\/td>\n<td>12 \u20ac<\/td>\n<\/tr>\n<tr>\n<td>1 esfolia\u00e7\u00e3o \u00e9 feita por uma das nossas profissionais<\/td>\n<td>20 \u20ac<\/td>\n<\/tr>\n<tr>\n<td>1 massagem dos p\u00e9s 15 mn<\/td>\n<td>28 \u20ac<\/td>\n<\/tr>\n<tr>\n<td>1 m\u00e1scara de beleza + massagem facial<\/td>\n<td>30 \u20ac<\/td>\n<\/tr>\n<tr>\n<td>1 envolvimento com argila suave \u00a0 + remo\u00e7\u00e3o\u00a0 com sabonete de flor de laranjeira<\/td>\n<td>30 \u20ac<\/td>\n<\/tr>\n<tr>\n<td>1 massagem corporal a 4 m\u00e3os 30 mn<\/td>\n<td>100 \u20ac<\/td>\n<\/tr>\n<tr>\n<td>1 refei\u00e7\u00e3o inclui 1 prato + 1 sobremesa + 1 bebida soft<\/td>\n<td>30 \u20ac<\/td>\n<\/tr>\n<tr>\n<td>1 sumos de frutas bio<\/td>\n<td>4 \u20ac<\/td>\n<\/tr>\n<tr>\n<td>Total \u00ab\u00a0cuidados adicionais\u00a0\u00bb :<\/td>\n<td><span style=\"text-decoration: line-through;\">337 \u20ac<\/span><\/td>\n<\/tr>\n<tr>\n<td><strong>Total\u00a0 pacote :<\/strong><\/td>\n<td><strong>235 \u20ac<\/strong><\/td>\n<\/tr>\n<\/tbody>\n<\/table>\n<p>M\u00ednimo de 5 horas e 30 minutos\u00a0&#8211; <strong>Sem marca\u00e7\u00e3o<\/strong><\/p>\n<p><strong>Os tempos indicados para cada procedimento podem ser mais longos em fun\u00e7\u00e3o do volume de trabalho e s\u00e3o dados a t\u00edtulo indicativo.<\/strong><\/p>\n<p>Estes pacotes s\u00e3o v\u00e1lidos durante 1 ano<br \/>\nV\u00e1lido exclusivamente no Hammam Pacha de PARIS<\/p>\n<p><strong>Massagem n\u00e3o terap\u00eautica<\/strong><\/p>\n<p><b>Depois de validar a sua encomenda poder\u00e1 fazer o download e imprimir diretamente os seus vales de oferta.\u00a0<span style=\"color: #4e2222;\"><br \/>\n<\/span><\/b><\/p>\n","protected":false},"excerpt":{"rendered":"<p>PACOTE COMPLETO PARIS<\/p>\n","protected":false},"featured_media":630,"template":"","meta":[],"product_brand":[],"product_cat":[129],"product_tag":[],"class_list":{"0":"post-9704","1":"product","2":"type-product","3":"status-publish","4":"has-post-thumbnail","6":"product_cat-pacotes","8":"first","9":"instock","10":"featured","11":"virtual","12":"taxable","13":"purchasable","14":"product-type-simple"},"_links":{"self":[{"href":"https:\/\/hammampacha.com\/shop\/wp-json\/wp\/v2\/product\/9704","targetHints":{"allow":["GET"]}}],"collection":[{"href":"https:\/\/hammampacha.com\/shop\/wp-json\/wp\/v2\/product"}],"about":[{"href":"https:\/\/hammampacha.com\/shop\/wp-json\/wp\/v2\/types\/product"}],"wp:featuredmedia":[{"embeddable":true,"href":"https:\/\/hammampacha.com\/shop\/wp-json\/wp\/v2\/media\/630"}],"wp:attachment":[{"href":"https:\/\/hammampacha.com\/shop\/wp-json\/wp\/v2\/media?parent=9704"}],"wp:term":[{"taxonomy":"product_brand","embeddable":true,"href":"https:\/\/hammampacha.com\/shop\/wp-json\/wp\/v2\/product_brand?post=9704"},{"taxonomy":"product_cat","embeddable":true,"href":"https:\/\/hammampacha.com\/shop\/wp-json\/wp\/v2\/product_cat?post=9704"},{"taxonomy":"product_tag","embeddable":true,"href":"https:\/\/hammampacha.com\/shop\/wp-json\/wp\/v2\/product_tag?post=9704"}],"curies":[{"name":"wp","href":"https:\/\/api.w.org\/{rel}","templated":true}]}}