{"id":9993,"date":"2019-11-16T14:34:42","date_gmt":"2019-11-16T13:34:42","guid":{"rendered":"http:\/\/hammampacha.com\/shop\/produit\/vale-de-oferta-de-10e\/"},"modified":"2020-01-27T14:32:16","modified_gmt":"2020-01-27T13:32:16","slug":"vale-de-oferta-de-10e","status":"publish","type":"product","link":"https:\/\/hammampacha.com\/shop\/produit\/vale-de-oferta-de-10e\/?lang=pt-pt","title":{"rendered":"Vale de oferta de 10\u20ac"},"content":{"rendered":"<p>N\u00e3o sabe que pacote escolher?<\/p>\n<p>Ofere\u00e7a vales \u00e0s suas amigas,utiliz\u00e1veis no Hammam Pacha de Paris<\/p>\n<p>Dimens\u00f5es: 17,5 x 8 cm<\/p>\n<p>Existemvales de oferta de 10 \u20ac, 20 \u20ac e 50 \u20ac.<\/p>\n<p>Ofere\u00e7a um vale da quantia que desejar!<\/p>\n<p>NB : Commande minimum de 50 \u20ac par exp\u00e9dition.<\/p>\n<p>Condi\u00e7\u00f5es de utiliza\u00e7\u00e3o:<br \/>\nCadavale de oferta \u00e9 utiliz\u00e1velporinteiro, n\u00e3opodendoserreembolsado ou trocado e v\u00e1lidounicamente no Hammam Pacha de Paris.<\/p>\n<p>O vale n\u00e3opode ser trocado por dinheiro e n\u00e3o pode ser devolvido troco na sua utiliza\u00e7\u00e3o.<br \/>\nN\u00e3o pode ser substitu\u00eddo nem reembolsado no case de perda ou roubo ou se a sua data de valida de caducar.<\/p>\n<p>Os vales de oferta s\u00e3o v\u00e1lidos por 1 ano.<\/p>\n<p>Poder \u00e1 fazer o downloade imprimir diretamente os seus vales de oferta ao terminar a encomenda.<\/p>\n<p>Para mais informa\u00e7\u00f5es consulte as condi\u00e7\u00f5es de venda.<\/p>\n","protected":false},"excerpt":{"rendered":"<p>Vale de oferta de 10\u20ac<\/p>\n","protected":false},"featured_media":877,"template":"","meta":[],"product_brand":[],"product_cat":[144],"product_tag":[],"class_list":{"0":"post-9993","1":"product","2":"type-product","3":"status-publish","4":"has-post-thumbnail","6":"product_cat-vales-de-oferta","8":"first","9":"instock","10":"virtual","11":"taxable","12":"purchasable","13":"product-type-simple"},"_links":{"self":[{"href":"https:\/\/hammampacha.com\/shop\/wp-json\/wp\/v2\/product\/9993","targetHints":{"allow":["GET"]}}],"collection":[{"href":"https:\/\/hammampacha.com\/shop\/wp-json\/wp\/v2\/product"}],"about":[{"href":"https:\/\/hammampacha.com\/shop\/wp-json\/wp\/v2\/types\/product"}],"wp:featuredmedia":[{"embeddable":true,"href":"https:\/\/hammampacha.com\/shop\/wp-json\/wp\/v2\/media\/877"}],"wp:attachment":[{"href":"https:\/\/hammampacha.com\/shop\/wp-json\/wp\/v2\/media?parent=9993"}],"wp:term":[{"taxonomy":"product_brand","embeddable":true,"href":"https:\/\/hammampacha.com\/shop\/wp-json\/wp\/v2\/product_brand?post=9993"},{"taxonomy":"product_cat","embeddable":true,"href":"https:\/\/hammampacha.com\/shop\/wp-json\/wp\/v2\/product_cat?post=9993"},{"taxonomy":"product_tag","embeddable":true,"href":"https:\/\/hammampacha.com\/shop\/wp-json\/wp\/v2\/product_tag?post=9993"}],"curies":[{"name":"wp","href":"https:\/\/api.w.org\/{rel}","templated":true}]}}