{"id":1524,"date":"2015-11-30T08:46:16","date_gmt":"2015-11-30T07:46:16","guid":{"rendered":"https:\/\/hammampacha.com\/wpress\/?page_id=1524"},"modified":"2024-11-23T18:52:50","modified_gmt":"2024-11-23T17:52:50","slug":"comparatif-de-prix-2","status":"publish","type":"page","link":"https:\/\/hammampacha.com\/wpress\/comparatif-de-prix-2\/","title":{"rendered":"Hammam pour femme seulement &#8211; Comparatif de prix Hammam Pacha"},"content":{"rendered":"<h3 style=\"text-align: center;\">Comparez nos diff\u00e9rents forfaits ici.<\/h3>\n<h3 style=\"text-align: center;\">Pr\u00e9voir de 2h30 \u00e0 6h selon le forfait choisi et l&#8217;affluence.<\/h3>\n<h3 style=\"text-align: center;\">Ouvert 7 jours sur 7 sans rendez-vous. Hammam pour femme seulement<\/h3>\n<div style=\"background: transparent url('https:\/\/hammampacha.com\/wpress\/wp-content\/uploads\/background-grey.jpg') center top no-repeat; margin: 0px auto; padding: 0px 0px 0px; width: 100%;\">\n<table id=\"Tableau_01\" border=\"0\" width=\"120%\" cellspacing=\"0\" cellpadding=\"0\">\n<tbody>\n<tr>\n<td style=\"padding: 0px;\" rowspan=\"1\"><a href=\"https:\/\/hammampacha.com\/shop\/produit\/forfait-delice\/\"><br \/>\n<\/a><a href=\"https:\/\/hammampacha.com\/shop\/produit\/forfait-delice\/\"><img fetchpriority=\"high\" decoding=\"async\" class=\"alignnone\" src=\"https:\/\/hammampacha.com\/wpress\/images\/forfait_delice.jpg\" alt=\"Forfait d\u00e9lice : 1 entr\u00e9e + 1 repas complet au Hammam Pacha - hammam pour femme uniquement\" width=\"250\" height=\"800\" border=\"0\" \/><\/a><\/td>\n<td style=\"padding: 0px;\" rowspan=\"1\"><a href=\"https:\/\/hammampacha.com\/shop\/produit\/forfait-basic\/\"><br \/>\n<\/a><a href=\"https:\/\/hammampacha.com\/shop\/produit\/forfait-basic\/\"><img decoding=\"async\" class=\"alignnone\" src=\"https:\/\/hammampacha.com\/wpress\/images\/forfait_basic.jpg\" alt=\"Forfait basic : 1 entr\u00e9e + gommage au Hammam Pacha\" width=\"205\" height=\"800\" border=\"0\" \/><\/a><\/td>\n<td style=\"padding: 0px;\" rowspan=\"1\"><a href=\"https:\/\/hammampacha.com\/shop\/produit\/forfait-peau-neuve\/\"><br \/>\n<\/a><a href=\"https:\/\/hammampacha.com\/shop\/produit\/forfait-peau-neuve\/\"><img decoding=\"async\" class=\"alignnone\" src=\"https:\/\/hammampacha.com\/wpress\/images\/forfait_peau_neuve.jpg\" alt=\"Forfait peau neuve : 1 entr\u00e9e + gommage + enveloppement \u00e0 l'argile au Hammam Pacha\" width=\"200\" height=\"800\" border=\"0\" \/><\/a><\/td>\n<td style=\"padding: 0px;\" rowspan=\"1\"><a href=\"https:\/\/hammampacha.com\/shop\/produit\/forfait-bien-etre\/\"><br \/>\n<\/a><a href=\"https:\/\/hammampacha.com\/shop\/produit\/forfait-bien-etre\/\"><img loading=\"lazy\" decoding=\"async\" class=\"alignnone\" src=\"https:\/\/hammampacha.com\/wpress\/images\/forfait_bien_etre.jpg\" alt=\"Forfait bien-\u00eatre : 1 entr\u00e9e + gommage + masque beaut\u00e9 du visage au Hammam Pacha\" width=\"200\" height=\"800\" border=\"0\" \/><\/a><\/td>\n<td style=\"padding: 0px;\" rowspan=\"1\"><a href=\"https:\/\/hammampacha.com\/shop\/produit\/forfait-beaute\/\"><br \/>\n<\/a><a href=\"https:\/\/hammampacha.com\/shop\/produit\/forfait-beaute\/\"><img loading=\"lazy\" decoding=\"async\" class=\"alignnone\" src=\"https:\/\/hammampacha.com\/wpress\/images\/forfait_beaute.jpg\" alt=\"Forfait beaut\u00e9 : 1 entr\u00e9e + gommage + massage du corps 15 minutes + repas complet au Hammam Pacha\" width=\"200\" height=\"800\" border=\"0\" \/><\/a><\/td>\n<td style=\"padding: 0px;\" rowspan=\"1\"><a href=\"https:\/\/hammampacha.com\/shop\/produit\/forfait-grande-beaute\/\"><br \/>\n<\/a><a href=\"https:\/\/hammampacha.com\/shop\/produit\/forfait-grande-beaute\/\"><img loading=\"lazy\" decoding=\"async\" class=\"alignnone\" src=\"https:\/\/hammampacha.com\/wpress\/images\/forfait_grande_beaute.jpg\" alt=\"Forfait grande Beaut\u00e9 : 1 entr\u00e9e + gommage + massage du corps 15 minutes + masque de beaut\u00e9 et massage du visage + repas complet au Hammam Pacha\" width=\"205\" height=\"800\" border=\"0\" \/><\/a><\/td>\n<td style=\"padding: 0px;\" rowspan=\"1\"><a href=\"https:\/\/hammampacha.com\/shop\/produit\/forfait-marin\/\"><br \/>\n<\/a><a href=\"https:\/\/hammampacha.com\/shop\/produit\/forfait-marin\/\"><img loading=\"lazy\" decoding=\"async\" class=\"alignnone\" src=\"https:\/\/hammampacha.com\/wpress\/images\/forfait_marin.jpg\" alt=\"Forfait marin : 1 entr\u00e9e + gommage + massage du corps 15 minutes + enveloppement aux algues + masque de beaut\u00e9 et massage du visage + repas complet au Hammam Pacha\" width=\"200\" height=\"800\" border=\"0\" \/><\/a><\/td>\n<td style=\"padding: 0px;\" rowspan=\"1\"><a href=\"https:\/\/hammampacha.com\/shop\/produit\/forfait-integral\/\"><br \/>\n<img decoding=\"async\" src=\"https:\/\/hammampacha.com\/wpress\/images\/forfait_integral.jpg\" alt=\"Forfait int\u00e9gral : 1 entr\u00e9e + gommage + massage \u00e0 4 mains 30 min + massage plantaire de 15 min + enveloppement d'argile + masque de beaut\u00e9 et massage du visage + repas complet au Hammam Pacha\" width=\"100%\" border=\"0\" \/><\/a><\/td>\n<\/tr>\n<\/tbody>\n<\/table>\n<\/div>\n<h3 style=\"text-align: center;\">Ne vous encombrez pas, nous fournissons peignoir, serviette et mules.<\/h3>\n<h3 style=\"text-align: center;\">Apportez seulement shampoing, gel douche et un bas de maillot de bain.<\/h3>\n","protected":false},"excerpt":{"rendered":"<p>Comparez nos diff\u00e9rents forfaits ici. Pr\u00e9voir de 2h30 \u00e0 6h selon le forfait choisi et l&#8217;affluence. Ouvert 7 jours sur 7 sans rendez-vous. Hammam pour femme seulement Ne vous encombrez pas, nous fournissons peignoir, serviette et mules. Apportez seulement shampoing, gel douche et un bas de maillot de bain.<\/p>\n","protected":false},"author":2,"featured_media":0,"parent":0,"menu_order":0,"comment_status":"closed","ping_status":"closed","template":"","meta":{"footnotes":""},"class_list":["post-1524","page","type-page","status-publish","hentry"],"acf":[],"_links":{"self":[{"href":"https:\/\/hammampacha.com\/wpress\/wp-json\/wp\/v2\/pages\/1524","targetHints":{"allow":["GET"]}}],"collection":[{"href":"https:\/\/hammampacha.com\/wpress\/wp-json\/wp\/v2\/pages"}],"about":[{"href":"https:\/\/hammampacha.com\/wpress\/wp-json\/wp\/v2\/types\/page"}],"author":[{"embeddable":true,"href":"https:\/\/hammampacha.com\/wpress\/wp-json\/wp\/v2\/users\/2"}],"replies":[{"embeddable":true,"href":"https:\/\/hammampacha.com\/wpress\/wp-json\/wp\/v2\/comments?post=1524"}],"version-history":[{"count":3,"href":"https:\/\/hammampacha.com\/wpress\/wp-json\/wp\/v2\/pages\/1524\/revisions"}],"predecessor-version":[{"id":4590,"href":"https:\/\/hammampacha.com\/wpress\/wp-json\/wp\/v2\/pages\/1524\/revisions\/4590"}],"wp:attachment":[{"href":"https:\/\/hammampacha.com\/wpress\/wp-json\/wp\/v2\/media?parent=1524"}],"curies":[{"name":"wp","href":"https:\/\/api.w.org\/{rel}","templated":true}]}}