{"id":3703,"date":"2023-02-09T21:28:37","date_gmt":"2023-02-09T20:28:37","guid":{"rendered":"https:\/\/hammampacha.com\/wpress\/?page_id=3703"},"modified":"2024-03-24T21:42:38","modified_gmt":"2024-03-24T20:42:38","slug":"bienvenue-au-hammam-pacha-paris-2","status":"publish","type":"page","link":"https:\/\/hammampacha.com\/wpress\/bienvenue-au-hammam-pacha-paris-2\/","title":{"rendered":"Bienvenue au Hammam Pacha Paris"},"content":{"rendered":"\r\n<h1 style=\"text-align: center;\"><strong>Bienvenue au Hammam Pacha Paris<\/strong><\/h1>\r\n<h2 style=\"text-align: center;\">\u00ab Ouvrez les portes du bien-\u00eatre \u00bb<\/h2>\r\n<h2 style=\"text-align: center;\"><b>Ouvert 7 jours sur 7, y compris les jours f\u00e9ri\u00e9s*<\/b><\/h2>\r\n<h2 style=\"text-align: center;\"><b>Exclusivement r\u00e9serv\u00e9 aux femmes<\/b><\/h2>\r\n<h2 style=\"text-align: center;\"><b><u>Sans rendez-vous<\/u> <\/b>(sauf pour les \u00e9pilations)<\/h2>\r\n<h3 style=\"text-align: center;\">Sur pr\u00e8s de 700 m\u00b2au c\u0153ur du 6\u00e8me arr. de Paris<\/h3>\r\n<h3 style=\"text-align: center;\"><strong>La r\u00e9f\u00e9rence des hammams depuis plus de 35 ans !<\/strong><\/h3>\r\n<p>&nbsp;<\/p>\r\n\r\n\r\n\r\n<p><code id=\"soliloquy-shortcode\" class=\"soliloquy-code\"><div aria-live=\"polite\" id=\"soliloquy-container-3434_1\" class=\"soliloquy-container soliloquy-transition-fade  soliloquy-theme-base\" style=\"max-width:1920px;max-height:800px;\"><ul id=\"soliloquy-3434_1\" class=\"soliloquy-slider soliloquy-slides soliloquy-wrap soliloquy-clear\"><li aria-hidden=\"true\" class=\"soliloquy-item soliloquy-item-1 soliloquy-image-slide\" draggable=\"false\" style=\"list-style:none\"><img decoding=\"async\" id=\"soliloquy-image-3435\" class=\"soliloquy-image soliloquy-image-1\" src=\"https:\/\/hammampacha.com\/wpress\/wp-content\/uploads\/2slider15-1920.jpg\" alt=\"2slider15-1920\" \/><\/li><li aria-hidden=\"true\" class=\"soliloquy-item soliloquy-item-2 soliloquy-image-slide\" draggable=\"false\" style=\"list-style:none\"><img decoding=\"async\" id=\"soliloquy-image-3436\" class=\"soliloquy-image soliloquy-image-2\" src=\"https:\/\/hammampacha.com\/wpress\/wp-content\/uploads\/1-slider14-1920.jpg\" alt=\"1-slider14-1920\" \/><\/li><li aria-hidden=\"true\" class=\"soliloquy-item soliloquy-item-3 soliloquy-image-slide\" draggable=\"false\" style=\"list-style:none\"><img decoding=\"async\" id=\"soliloquy-image-3439\" class=\"soliloquy-image soliloquy-image-3\" src=\"https:\/\/hammampacha.com\/wpress\/wp-content\/uploads\/3slider2-1920.jpg\" alt=\"3slider2-1920\" \/><\/li><li aria-hidden=\"true\" class=\"soliloquy-item soliloquy-item-4 soliloquy-image-slide\" draggable=\"false\" style=\"list-style:none\"><img decoding=\"async\" id=\"soliloquy-image-3440\" class=\"soliloquy-image soliloquy-image-4\" src=\"https:\/\/hammampacha.com\/wpress\/wp-content\/uploads\/4slider8-1920.jpg\" alt=\"4slider8-1920\" \/><\/li><li aria-hidden=\"true\" class=\"soliloquy-item soliloquy-item-5 soliloquy-image-slide\" draggable=\"false\" style=\"list-style:none\"><img decoding=\"async\" id=\"soliloquy-image-3437\" class=\"soliloquy-image soliloquy-image-5\" src=\"https:\/\/hammampacha.com\/wpress\/wp-content\/uploads\/6slider13-1920.jpg\" alt=\"6slider13-1920\" \/><\/li><li aria-hidden=\"true\" class=\"soliloquy-item soliloquy-item-6 soliloquy-image-slide\" draggable=\"false\" style=\"list-style:none\"><img decoding=\"async\" id=\"soliloquy-image-3438\" class=\"soliloquy-image soliloquy-image-6\" src=\"https:\/\/hammampacha.com\/wpress\/wp-content\/uploads\/5slider10-1920.jpg\" alt=\"5slider10-1920\" \/><\/li><\/ul><\/div><noscript><style type=\"text\/css\">#soliloquy-container-3434_1{opacity:1}<\/style><\/noscript><\/code><\/p>\r\n\r\n\r\n<!--\/Section -->\r\n<section id=\"we-are-newave\" class=\"content\">\r\n<h3 style=\"text-align: center;\">\u00a0<\/h3>\r\n<p>&nbsp;<\/p>\r\n<p style=\"text-align: center;\"><img fetchpriority=\"high\" decoding=\"async\" src=\"https:\/\/hammampacha.com\/wpress\/wp-content\/uploads\/restaurant-1920.jpg\" alt=\"Le restaurant du Hammam Pacha - Venez gouter \u00e0 nos tajines et desserts maison\" width=\"1920\" height=\"900\" \/><\/p>\r\n<p style=\"text-align: center;\">\u00a0<\/p>\r\n<h1 id=\"tw-target-text\" class=\"tw-data-text tw-text-large tw-ta\" dir=\"ltr\" style=\"text-align: center;\" data-placeholder=\" Traduction\"><span style=\"text-decoration: underline;\"><span class=\"Y2IQFc\" lang=\"fr\">D\u00e9couvrez nos forfaits<\/span><\/span><\/h1>\r\n<p style=\"text-align: center;\">\u00a0<\/p>\r\n<div class=\"images\" style=\"text-align: center; margin: 40px;\">\r\n<div class=\"image\"><a href=\"https:\/\/hammampacha.com\/shop\/product\/entry-to-hammam-pacha-paris\/\"><img decoding=\"async\" src=\"https:\/\/hammampacha.com\/shop\/wp-content\/uploads\/img-FR\/103-ENTREE_HAMMAM_PACHA_PARIS-7412_large-324x324.jpg\" alt=\"Entr\u00e9e Hammam Pacha - Valable toute une journ\u00e9e\" \/><\/a> \u00a0 \u00a0 \u00a0\u00a0 <a href=\"https:\/\/hammampacha.com\/shop\/product\/basic-paris-package\/\"><img decoding=\"async\" src=\"https:\/\/hammampacha.com\/shop\/wp-content\/uploads\/img-FR\/89-FORFAIT_BASIC_PARIS-3685_large-324x324.jpg\" alt=\"Forfait basic avec une entr\u00e9e, un gommage effectu\u00e9 par l'une de nos gommeuses, un savon noir et un gant de gommage\" \/><\/a> <a href=\"https:\/\/hammampacha.com\/shop\/product\/package-delicious-paris\/?lang=fr\"><img decoding=\"async\" src=\"https:\/\/hammampacha.com\/shop\/wp-content\/uploads\/img-FR\/185-FORFAIT_DELICE_PARIS-9997_large-324x324.jpg\" alt=\"\" \/><\/a><\/div>\r\n<p>&nbsp;<\/p>\r\n<p>&nbsp;<\/p>\r\n<div class=\"image\"><a href=\"https:\/\/hammampacha.com\/shop\/product\/package-makeover-paris\/\"><img decoding=\"async\" src=\"https:\/\/hammampacha.com\/shop\/wp-content\/uploads\/img-FR\/152-FORFAIT_PEAU_NEUVE_PARIS-3673_large-324x324.jpg\" alt=\"Forfait peau neuve Hammam Pacha\" \/> \u00a0\u00a0 \u00a0\u00a0\u00a0<\/a> <a href=\"https:\/\/hammampacha.com\/shop\/product\/paris-well-being-package\/\"><img decoding=\"async\" src=\"https:\/\/hammampacha.com\/shop\/wp-content\/uploads\/img-FR\/92-FORFAIT_BIEN_ETRE_PARIS-4026_large.jpg\" \/> \u00a0 \u00a0\u00a0 \u00a0<\/a> <a href=\"https:\/\/hammampacha.com\/shop\/product\/paris-beauty-package\/\"><img decoding=\"async\" src=\"https:\/\/hammampacha.com\/shop\/wp-content\/uploads\/img-FR\/91-FORFAIT_BEAUTE_PARIS-8859_large-324x324.jpg\" alt=\"Forfait beaut\u00e9 Hammam Pacha\" \/><\/a><\/div>\r\n<p>&nbsp;<\/p>\r\n<p>&nbsp;<\/p>\r\n<div class=\"image\"><a href=\"https:\/\/hammampacha.com\/shop\/product\/paris-package-grand-beauty-2\/\"><img decoding=\"async\" src=\"https:\/\/hammampacha.com\/shop\/wp-content\/uploads\/img-FR\/FORFAIT_GRANDE_BEAUTE_cadeau-324x324.jpg\" alt=\"Forfait grande beaut\u00e9 Hammam Pacha\" \/><\/a> \u00a0 \u00a0 \u00a0\u00a0 <a href=\"https:\/\/hammampacha.com\/shop\/product\/paris-marine-package\/\"><img decoding=\"async\" src=\"https:\/\/hammampacha.com\/shop\/wp-content\/uploads\/img-FR\/94-FORFAIT_MARIN_PARIS-5180_large-324x324.jpg\" alt=\"Forfait marin Hammam Pacha\" width=\"324\" height=\"324\" \/> \u00a0\u00a0 \u00a0 \u00a0<\/a> <a href=\"https:\/\/hammampacha.com\/shop\/product\/paris-package-integral\/\"><img decoding=\"async\" src=\"https:\/\/hammampacha.com\/shop\/wp-content\/uploads\/img-FR\/107-FORFAIT_INTEGRAL_PARIS-9832_large-324x324.jpg\" alt=\"Forfait int\u00e9gral Hammam Pacha\" \/><\/a><\/div>\r\n<p>&nbsp;<\/p>\r\n<p>&nbsp;<\/p>\r\n<div class=\"image\"><a href=\"https:\/\/hammampacha.com\/shop\/produit\/forfait-ephemere-precieux\/\/?lang=fr\"><img decoding=\"async\" src=\"https:\/\/hammampacha.com\/shop\/wp-content\/uploads\/img-FR\/FORFAIT_PRECIEUX_PARIS_large-324x324.jpg\" alt=\"Forfait \u00e9ph\u00e9m\u00e8r\u00e9 Pr\u00e9cieux Hammam Pacha\" \/><\/a> \u00a0\u00a0 \u00a0\u00a0 \u00a0<a href=\"https:\/\/hammampacha.com\/shop\/produit\/forfait-ephemere-precieux-extreme\/?lang=fr\"><img decoding=\"async\" src=\"https:\/\/hammampacha.com\/shop\/wp-content\/uploads\/img-FR\/FORFAIT_PRECIEUX_EXTREME_PARIS_large-324x324.jpg\" alt=\"Forfait \u00e9ph\u00e9m\u00e8re Pr\u00e9cieux exxtrme Hammam Pacha\" width=\"324\" height=\"324\" \/>\u00a0\u00a0\u00a0\u00a0\u00a0\u00a0\u00a0\u00a0<\/a> <a href=\"https:\/\/hammampacha.com\/shop\/produit\/pack-de-10-entrees-hammam-pacha-paris\/?lang=fr\"><img decoding=\"async\" src=\"https:\/\/hammampacha.com\/shop\/wp-content\/uploads\/img-FR\/vignette-pack-10-entree-FR.jpg\" alt=\"Pack de 10 entr\u00e9es Hammam Pacha : 50 euros d'\u00e9conomies !\" \/><\/a><\/div>\r\n<h2>\u00a0<\/h2>\r\n<h2>Ouvert le lundi de p\u00e2ques 01\/04\/2024 de 11h \u00e0 19h<\/h2>\r\n<h3>\u00a0<\/h3>\r\n<h2 style=\"text-align: center;\"><span style=\"text-decoration: underline;\">Horaires habituels<\/span><\/h2>\r\n<h3 style=\"text-align: center;\"><br \/>Lundi de 11:00 \u00e0 19:00<\/h3>\r\n<h3 style=\"text-align: center;\">Mardi de 11:00 \u00e0 19:00<\/h3>\r\n<h3 style=\"text-align: center;\">Mercredi de 11:00 \u00e0 19:00<\/h3>\r\n<h3 style=\"text-align: center;\">Jeudi de 11:00 \u00e0 22:00<\/h3>\r\n<h3 style=\"text-align: center;\">Vendredi de 11:00 \u00e0 22:00<\/h3>\r\n<h3 style=\"text-align: center;\">Samedi de 10:00 \u00e0 19:00<\/h3>\r\n<h3 style=\"text-align: center;\">Dimanche de 10:00 \u00e0 19:00<\/h3>\r\n<p style=\"text-align: center;\">\u00a0<\/p>\r\n<h2 style=\"text-align: center;\">17 rue Mayet<\/h2>\r\n<h2 style=\"text-align: center;\">75006 PARIS<\/h2>\r\n<h2 style=\"text-align: center;\">T\u00e9l : 01 43 06 55 55<\/h2>\r\n<h2 style=\"text-align: center;\">email : contact@hammampachaparis.com<\/h2>\r\n<h2 style=\"text-align: center;\">Metro : Duroc<\/h2>\r\n<p>*voir les fermetures exceptionnelles <a href=\"https:\/\/hammampacha.com\/wpress\/horaires\/\">ICI<\/a><\/p>\r\n<\/div>\r\n<\/section>\r\n\r\n\r\n\r\n<p>&nbsp;<\/p>\r\n\r\n\r\n\r\n<p>&nbsp;<\/p>\r\n","protected":false},"excerpt":{"rendered":"<p>Bienvenue au Hammam Pacha Paris \u00ab Ouvrez les portes du bien-\u00eatre \u00bb Ouvert 7 jours sur 7, y compris les jours f\u00e9ri\u00e9s* Exclusivement r\u00e9serv\u00e9 aux femmes Sans rendez-vous (sauf pour les \u00e9pilations) Sur pr\u00e8s de 700 m\u00b2au c\u0153ur du 6\u00e8me arr. de Paris La r\u00e9f\u00e9rence des hammams depuis plus de 35 ans ! &nbsp; \u00a0<\/p>\n","protected":false},"author":2,"featured_media":0,"parent":0,"menu_order":0,"comment_status":"closed","ping_status":"closed","template":"","meta":{"footnotes":""},"class_list":["post-3703","page","type-page","status-publish","hentry"],"acf":[],"_links":{"self":[{"href":"https:\/\/hammampacha.com\/wpress\/wp-json\/wp\/v2\/pages\/3703","targetHints":{"allow":["GET"]}}],"collection":[{"href":"https:\/\/hammampacha.com\/wpress\/wp-json\/wp\/v2\/pages"}],"about":[{"href":"https:\/\/hammampacha.com\/wpress\/wp-json\/wp\/v2\/types\/page"}],"author":[{"embeddable":true,"href":"https:\/\/hammampacha.com\/wpress\/wp-json\/wp\/v2\/users\/2"}],"replies":[{"embeddable":true,"href":"https:\/\/hammampacha.com\/wpress\/wp-json\/wp\/v2\/comments?post=3703"}],"version-history":[{"count":3,"href":"https:\/\/hammampacha.com\/wpress\/wp-json\/wp\/v2\/pages\/3703\/revisions"}],"predecessor-version":[{"id":3845,"href":"https:\/\/hammampacha.com\/wpress\/wp-json\/wp\/v2\/pages\/3703\/revisions\/3845"}],"wp:attachment":[{"href":"https:\/\/hammampacha.com\/wpress\/wp-json\/wp\/v2\/media?parent=3703"}],"curies":[{"name":"wp","href":"https:\/\/api.w.org\/{rel}","templated":true}]}}