{"id":581,"date":"2015-08-29T20:47:29","date_gmt":"2015-08-29T19:47:29","guid":{"rendered":"https:\/\/hammampacha.com\/wpress\/?page_id=581"},"modified":"2022-11-30T09:11:58","modified_gmt":"2022-11-30T08:11:58","slug":"revue-de-presse","status":"publish","type":"page","link":"https:\/\/hammampacha.com\/wpress\/revue-de-presse\/","title":{"rendered":"Satisfaction \/ avis Hammam Pacha \/ Revue de presse"},"content":{"rendered":"<table style=\"border-collapse: collapse; width: 100%;\">\n<tbody>\n<tr>\n<td style=\"width: 50%; text-align: center;\"><\/td>\n<td style=\"width: 50%; text-align: center;\"><\/td>\n<\/tr>\n<\/tbody>\n<\/table>\n<h2 style=\"text-align: center;\">Les avis Hammam Pacha<\/h2>\n<h2 style=\"text-align: center;\"><strong>La satisfaction de nos clientes est notre objectif quotidien.<\/strong><\/h2>\n<h3 style=\"text-align: center;\">De fa\u00e7on g\u00e9n\u00e9rale, les avis laiss\u00e9s sur les r\u00e9seaux sociaux ou les sites sp\u00e9cialis\u00e9s comme Tripadvisor ne sont absolument pas fiables puisque n&#8217;importe qui peut poster une critique sans m\u00eame \u00eatre client. Des concurrents, des malveillants et des r\u00e2leurs professionnels s&#8217;en donnent d&#8217;ailleurs \u00e0 c\u0153ur-joie, comme vous pouvez le constater sur le net sur des h\u00f4tels, des restaurants ou autres \u00e9tablissements que vous appr\u00e9ciez.<\/h3>\n<h3 style=\"text-align: center;\">C&#8217;est pourquoi nous avons demand\u00e9 \u00e0 nos v\u00e9ritables clientes de r\u00e9pondre <strong>\u00e0 la sortie de notre \u00e9tablissement<\/strong> \u00e0 un <strong>questionnaire anonyme de satisfaction.<\/strong><\/h3>\n<h2 style=\"text-align: center;\"><strong>Les r\u00e9sultats sont donc fiables et \u00e9difiants, en 17 mois 2394 v\u00e9ritables clientes ont r\u00e9pondu \u00e0 ce questionnaire.<\/strong><\/h2>\n<h2 style=\"text-align: center;\"><strong>Plus 99% de nos clientes recommandent le Hammam Pacha \u00e0 leurs amies!<\/strong><\/h2>\n<h3 style=\"text-align: center;\">Merci \u00e0 elles !<br \/>\nNous sommes heureux et fiers de ce r\u00e9sultat. Vous pouvez compter sur la d\u00e9termination de notre \u00e9quipe pour continuer de vous satisfaire \u00e0 100% et d&#8217;am\u00e9liorer nos prestations.<\/h3>\n<p style=\"text-align: center;\"><img decoding=\"async\" class=\"element_fade_in\" src=\"https:\/\/hammampacha.com\/wpress\/wp-content\/uploads\/taux-de-satisfaction.jpg\" alt=\"Tableau recapitulatif taux de satisfaction\" \/><\/p>\n<h2><\/h2>\n<table style=\"border-collapse: collapse; width: 100%;\">\n<tbody>\n<tr>\n<td style=\"width: 50%;\"><\/td>\n<td style=\"width: 50%;\"><\/td>\n<\/tr>\n<\/tbody>\n<\/table>\n<h2 style=\"text-align: center;\"><strong>Avis Hammam Pacha &#8211; Tout le monde en parle<\/strong><\/h2>\n<h3 style=\"text-align: center;\">Pour lire un article, cliquer sur l&#8217;image :<\/h3>\n<h1><\/h1>\n<table>\n<tbody>\n<tr>\n<td><a href=\"https:\/\/hammampacha.com\/wpress\/wp-content\/uploads\/FigaroMme.pdf\" target=\"_blank\" rel=\"noopener noreferrer\"><img decoding=\"async\" src=\"https:\/\/hammampacha.com\/wpress\/wp-content\/uploads\/figaroMmeCouverture.jpg\" alt=\"\" \/><\/a><\/td>\n<td><a href=\"https:\/\/hammampacha.com\/wpress\/wp-content\/uploads\/Figaroscope-du-16-janvier-2019-1.pdf\" target=\"_blank\" rel=\"noopener noreferrer\"><img decoding=\"async\" src=\"https:\/\/hammampacha.com\/wpress\/wp-content\/uploads\/figaroscope2-2019.jpg\" alt=\"\" \/><\/a><\/td>\n<td><a href=\"https:\/\/hammampacha.com\/wpress\/wp-content\/uploads\/Hammam-Pacha-LA-r\u00e9f\u00e9rence-parisienne-des-soins-\u00e0-l\u2019orientale.pdf\" target=\"_blank\" rel=\"noopener noreferrer\"><img decoding=\"async\" src=\"https:\/\/hammampacha.com\/wpress\/wp-content\/uploads\/indigohammampacha.jpg\" alt=\"\" \/><\/a><\/td>\n<td><a href=\"https:\/\/hammampacha.com\/wpress\/wp-content\/uploads\/les-cremes-de-lucie-25-02-2018.pdf\" target=\"_blank\" rel=\"noopener noreferrer\"><img decoding=\"async\" title=\"In english\" src=\"https:\/\/hammampacha.com\/wpress\/wp-content\/uploads\/les-cremes-de-lucie.jpg\" alt=\"\" \/><\/a><\/td>\n<td><a href=\"https:\/\/hammampacha.com\/wpress\/wp-content\/uploads\/france-net-infos-25-01-2019.pdf\" target=\"_blank\" rel=\"noopener noreferrer\"><img decoding=\"async\" src=\"https:\/\/hammampacha.com\/wpress\/wp-content\/uploads\/Logo_france-net-infos.jpg\" alt=\"\" \/><\/a><\/td>\n<td><a href=\"https:\/\/hammampacha.com\/wpress\/wp-content\/uploads\/lefigaro.pdf\" target=\"_blank\" rel=\"noopener noreferrer\"><img decoding=\"async\" src=\"https:\/\/hammampacha.com\/wpress\/wp-content\/uploads\/LOGOfigaro.jpg\" alt=\"\" \/><\/a><\/td>\n<\/tr>\n<\/tbody>\n<\/table>\n<table>\n<tbody>\n<tr>\n<td><a href=\"https:\/\/hammampacha.com\/wpress\/wp-content\/uploads\/La-Parisienne.pdf\" target=\"_blank\" rel=\"noopener noreferrer\"><img decoding=\"async\" src=\"https:\/\/hammampacha.com\/wpress\/wp-content\/uploads\/logoparisienne.jpg\" alt=\"\" \/><\/a><\/td>\n<td><a href=\"https:\/\/hammampacha.com\/wpress\/wp-content\/uploads\/Le-soin-Magnif...\u00e0-l\u2019Hibiscus-et-\u00e0-l\u2019Avocat-\u2013-Sou-You.pdf\" target=\"_blank\" rel=\"noopener noreferrer\"><img decoding=\"async\" src=\"https:\/\/hammampacha.com\/wpress\/wp-content\/uploads\/sou-and-you.jpg\" alt=\"\" \/><\/a><\/td>\n<td><a href=\"https:\/\/hammampacha.com\/wpress\/wp-content\/uploads\/2016-11-085622@WWW_FRANCENETINFOS_COM.pdf\" target=\"_blank\" rel=\"noopener noreferrer\"><img decoding=\"async\" src=\"https:\/\/hammampacha.com\/wpress\/wp-content\/uploads\/LOGOnetinfos.jpg\" alt=\"\" \/><\/a><\/td>\n<td><a href=\"https:\/\/hammampacha.com\/wpress\/wp-content\/uploads\/Figaro-madame-hammam.pdf\" target=\"_blank\" rel=\"noopener noreferrer\"><img decoding=\"async\" src=\"https:\/\/hammampacha.com\/wpress\/wp-content\/uploads\/LOGOFIGAROMADAME.jpg\" alt=\"\" \/><\/a><\/td>\n<td><a href=\"https:\/\/hammampacha.com\/wpress\/wp-content\/uploads\/france-net-infos-cocooning.pdf\" target=\"_blank\" rel=\"noopener noreferrer\"><img decoding=\"async\" src=\"https:\/\/hammampacha.com\/wpress\/wp-content\/uploads\/cocooningFRANCENET.jpg\" alt=\"\" \/><\/a><\/td>\n<td><a href=\"https:\/\/hammampacha.com\/wpress\/wp-content\/uploads\/babelvoyage.pdf\" target=\"_blank\" rel=\"noopener noreferrer\"><img decoding=\"async\" src=\"https:\/\/hammampacha.com\/wpress\/wp-content\/uploads\/logoBabelVoyages.jpg\" alt=\"\" \/><\/a><\/td>\n<td><a href=\"https:\/\/hammampacha.com\/wpress\/wp-content\/uploads\/COCOONING-\u00c0-LAMANDE-DOUCE-\u2013-PrestigeS.pdf\" target=\"_blank\" rel=\"noopener noreferrer\"><br \/>\n<img decoding=\"async\" src=\"https:\/\/hammampacha.com\/wpress\/wp-content\/uploads\/prestigeS.jpg\" alt=\"\" \/><\/a><\/td>\n<\/tr>\n<tr>\n<td><a href=\"https:\/\/hammampacha.com\/wpress\/wp-content\/uploads\/francenetinfos2.pdf\" target=\"_blank\" rel=\"noopener noreferrer\"><img decoding=\"async\" src=\"https:\/\/hammampacha.com\/wpress\/wp-content\/uploads\/peauHydrateeFRANCENETINFOS.jpg\" alt=\"\" \/><\/a><\/td>\n<td><a href=\"https:\/\/hammampacha.com\/wpress\/wp-content\/uploads\/parents-hammam-pacha1.pdf\" target=\"_blank\" rel=\"noopener noreferrer\"><img decoding=\"async\" src=\"https:\/\/hammampacha.com\/wpress\/wp-content\/uploads\/logo-parents.jpg\" alt=\"\" \/><\/a><\/td>\n<td><a href=\"https:\/\/hammampacha.com\/wpress\/wp-content\/uploads\/cosmetic-OBS.pdf\" target=\"_blank\" rel=\"noopener noreferrer\"><img decoding=\"async\" src=\"https:\/\/hammampacha.com\/wpress\/wp-content\/uploads\/cosmetique-obs.jpg\" alt=\"\" \/><\/a><\/td>\n<td><a href=\"https:\/\/hammampacha.com\/wpress\/wp-content\/uploads\/ruedubac.pdf\" target=\"_blank\" rel=\"noopener noreferrer\"><img decoding=\"async\" src=\"https:\/\/hammampacha.com\/wpress\/wp-content\/uploads\/imageRUEDUBAC.jpg\" alt=\"\" \/><\/a><\/td>\n<td><a href=\"https:\/\/hammampacha.com\/wpress\/wp-content\/uploads\/lexpress.pdf\" target=\"_blank\" rel=\"noopener noreferrer\"><img decoding=\"async\" src=\"https:\/\/hammampacha.com\/wpress\/wp-content\/uploads\/lexpress.jpg\" alt=\"\" \/><\/a><\/td>\n<td><a href=\"https:\/\/hammampacha.com\/wpress\/wp-content\/uploads\/NYTparis.jpg\" target=\"_blank\" rel=\"noopener noreferrer\"><img decoding=\"async\" title=\"In english\" src=\"https:\/\/hammampacha.com\/wpress\/wp-content\/uploads\/nyt2.jpg\" alt=\"\" \/><\/a><\/td>\n<td><a href=\"https:\/\/hammampacha.com\/wpress\/wp-content\/uploads\/comparatif.jpg\" target=\"_blank\" rel=\"noopener noreferrer\"><img decoding=\"async\" src=\"https:\/\/hammampacha.com\/wpress\/wp-content\/uploads\/comparatif2.jpg\" alt=\"\" \/><\/a><\/td>\n<\/tr>\n<tr>\n<td><a href=\"https:\/\/hammampacha.com\/wpress\/wp-content\/uploads\/a_nous_paris.jpg\" target=\"_blank\" rel=\"noopener noreferrer\"><img decoding=\"async\" src=\"https:\/\/hammampacha.com\/wpress\/wp-content\/uploads\/a_nous_paris2.jpg\" alt=\"\" \/><\/a><\/td>\n<td><a href=\"https:\/\/hammampacha.com\/wpress\/wp-content\/uploads\/cote_paris.jpg\" target=\"_blank\" rel=\"noopener noreferrer\"><img decoding=\"async\" src=\"https:\/\/hammampacha.com\/wpress\/wp-content\/uploads\/cote_paris2.jpg\" alt=\"\" \/><\/a><\/td>\n<td><a href=\"https:\/\/hammampacha.com\/presse-figaro-japon.htm\" target=\"_blank\" rel=\"noopener noreferrer\"><img decoding=\"async\" src=\"https:\/\/hammampacha.com\/wpress\/wp-content\/uploads\/figaro_japon2.jpg\" alt=\"\" \/><\/a><\/td>\n<td><a href=\"https:\/\/hammampacha.com\/presse-figaro.htm\" target=\"_blank\" rel=\"noopener noreferrer\"><img decoding=\"async\" src=\"https:\/\/hammampacha.com\/wpress\/wp-content\/uploads\/figaro2.jpg\" alt=\"\" \/><\/a><\/td>\n<td><a href=\"https:\/\/hammampacha.com\/wpress\/wp-content\/uploads\/presse-grazzia-01.jpg\" target=\"_blank\" rel=\"noopener noreferrer\"><img decoding=\"async\" src=\"https:\/\/hammampacha.com\/wpress\/wp-content\/uploads\/grazzia.jpg\" alt=\"\" \/><\/a><\/td>\n<td><a href=\"https:\/\/hammampacha.com\/wpress\/wp-content\/uploads\/telerama.jpg\" target=\"_blank\" rel=\"noopener noreferrer\"><img decoding=\"async\" src=\"https:\/\/hammampacha.com\/wpress\/wp-content\/uploads\/telerama2.jpg\" alt=\"\" \/><\/a><\/td>\n<td><a href=\"https:\/\/hammampacha.com\/wpress\/wp-content\/uploads\/jdd-1.jpg\" target=\"_blank\" rel=\"noopener noreferrer\"><img decoding=\"async\" src=\"https:\/\/hammampacha.com\/wpress\/wp-content\/uploads\/jdd2.jpg\" alt=\"\" \/><\/a><\/td>\n<\/tr>\n<tr>\n<td><a href=\"https:\/\/hammampacha.com\/wpress\/wp-content\/uploads\/comme-une-odalisque-obs.jpg\" target=\"_blank\" rel=\"noopener noreferrer\"><img decoding=\"async\" src=\"https:\/\/hammampacha.com\/wpress\/wp-content\/uploads\/nouvelobs2.jpg\" alt=\"\" \/><\/a><\/td>\n<td><a href=\"https:\/\/hammampacha.com\/wpress\/wp-content\/uploads\/elle.jpg\" target=\"_blank\" rel=\"noopener noreferrer\"><img decoding=\"async\" src=\"https:\/\/hammampacha.com\/wpress\/wp-content\/uploads\/elle2.jpg\" alt=\"\" \/><\/a><\/td>\n<td><a href=\"https:\/\/hammampacha.com\/presse-figaro-tvmag.htm\" target=\"_blank\" rel=\"noopener noreferrer\"><img decoding=\"async\" src=\"https:\/\/hammampacha.com\/wpress\/wp-content\/uploads\/figaro-tv-mag2.jpg\" alt=\"\" \/><\/a><\/td>\n<td><a href=\"https:\/\/hammampacha.com\/presse-world-beauty-tips.htm\" target=\"_blank\" rel=\"noopener noreferrer\"><img decoding=\"async\" src=\"https:\/\/hammampacha.com\/wpress\/wp-content\/uploads\/world_beauty_tips2.jpg\" alt=\"\" \/><\/a><\/td>\n<td><a href=\"https:\/\/hammampacha.com\/wpress\/presse\/1.html\" target=\"_blank\" rel=\"noopener noreferrer\"><img decoding=\"async\" src=\"https:\/\/hammampacha.com\/wpress\/wp-content\/uploads\/nouvel-obs.jpg\" alt=\"nouvel-obs.jpg\" \/><\/a><\/td>\n<td><a href=\"https:\/\/www.femme-attitude.com\/2015\/10\/teste-et-approuve-le-forfait-apres-soleil-au-hammam-pacha-paris\/\" target=\"_blank\" rel=\"noopener noreferrer\"><img decoding=\"async\" src=\"https:\/\/hammampacha.com\/wpress\/wp-content\/uploads\/femme-attitude.jpg\" alt=\"\" \/><\/a><\/td>\n<td><a href=\"https:\/\/hammampacha.com\/wpress\/presse\/3.html\" target=\"_blank\" rel=\"noopener noreferrer\"><img decoding=\"async\" src=\"https:\/\/hammampacha.com\/wpress\/wp-content\/uploads\/style-dictat.jpg\" alt=\"\" \/><\/a><\/td>\n<\/tr>\n<tr>\n<td><a href=\"https:\/\/hammampacha.com\/wpress\/presse\/4.html\" target=\"_blank\" rel=\"noopener noreferrer\"><img decoding=\"async\" src=\"https:\/\/hammampacha.com\/wpress\/wp-content\/uploads\/logo-24h.jpg\" alt=\"\" \/><\/a><\/td>\n<td><img decoding=\"async\" src=\"https:\/\/hammampacha.com\/wpress\/wp-content\/uploads\/gamongirls.jpg\" alt=\"\" \/><\/td>\n<td><a href=\"https:\/\/hammampacha.com\/wpress\/presse\/GAZELLE.pdf\" target=\"_blank\" rel=\"noopener noreferrer\"><br \/>\n<img decoding=\"async\" src=\"https:\/\/hammampacha.com\/wpress\/wp-content\/uploads\/gazelle.jpg\" alt=\"\" \/><\/a><\/td>\n<td><a href=\"https:\/\/hammampacha.com\/wpress\/presse\/PLURIELLES_FR.pdf\" target=\"_blank\" rel=\"noopener noreferrer\"><img decoding=\"async\" src=\"https:\/\/hammampacha.com\/wpress\/wp-content\/uploads\/plurielles_fr.jpg\" alt=\"\" \/><\/a><\/td>\n<td><a href=\"https:\/\/hammampacha.com\/wpress\/presse\/8.html\" target=\"_blank\" rel=\"noopener noreferrer\"><img decoding=\"async\" src=\"https:\/\/hammampacha.com\/wpress\/wp-content\/uploads\/chatchat.jpg\" alt=\"\" \/><\/a><\/td>\n<td><a href=\"https:\/\/hammampacha.com\/wpress\/presse\/9.html\" target=\"_blank\" rel=\"noopener noreferrer\"><img decoding=\"async\" src=\"https:\/\/hammampacha.com\/wpress\/wp-content\/uploads\/Stiletto.jpg\" alt=\"\" \/><\/a><\/td>\n<td><a href=\"https:\/\/hammampacha.com\/wpress\/presse\/10.html\" target=\"_blank\" rel=\"noopener noreferrer\"><img decoding=\"async\" src=\"https:\/\/hammampacha.com\/wpress\/wp-content\/uploads\/beaute-daily-logo.jpg\" alt=\"\" \/><\/a><\/td>\n<\/tr>\n<tr>\n<td><a href=\"https:\/\/www.francenetinfos.com\/le-hammam-pacha-un-oasis-de-bien-etre-123280\/\" target=\"_blank\" rel=\"noopener noreferrer\"><img decoding=\"async\" src=\"https:\/\/hammampacha.com\/wpress\/wp-content\/uploads\/logo_France_Net_Infos_2015_Edilivre.bmp\" alt=\"\" \/><\/a><\/td>\n<\/tr>\n<\/tbody>\n<\/table>\n","protected":false},"excerpt":{"rendered":"<p>Les avis Hammam Pacha La satisfaction de nos clientes est notre objectif quotidien. De fa\u00e7on g\u00e9n\u00e9rale, les avis laiss\u00e9s sur les r\u00e9seaux sociaux ou les sites sp\u00e9cialis\u00e9s comme Tripadvisor ne sont absolument pas fiables puisque n&#8217;importe qui peut poster une critique sans m\u00eame \u00eatre client. Des concurrents, des malveillants et des r\u00e2leurs professionnels s&#8217;en donnent<\/p>\n","protected":false},"author":2,"featured_media":0,"parent":0,"menu_order":0,"comment_status":"open","ping_status":"closed","template":"","meta":{"footnotes":""},"class_list":["post-581","page","type-page","status-publish","hentry"],"acf":[],"_links":{"self":[{"href":"https:\/\/hammampacha.com\/wpress\/wp-json\/wp\/v2\/pages\/581","targetHints":{"allow":["GET"]}}],"collection":[{"href":"https:\/\/hammampacha.com\/wpress\/wp-json\/wp\/v2\/pages"}],"about":[{"href":"https:\/\/hammampacha.com\/wpress\/wp-json\/wp\/v2\/types\/page"}],"author":[{"embeddable":true,"href":"https:\/\/hammampacha.com\/wpress\/wp-json\/wp\/v2\/users\/2"}],"replies":[{"embeddable":true,"href":"https:\/\/hammampacha.com\/wpress\/wp-json\/wp\/v2\/comments?post=581"}],"version-history":[{"count":2,"href":"https:\/\/hammampacha.com\/wpress\/wp-json\/wp\/v2\/pages\/581\/revisions"}],"predecessor-version":[{"id":3631,"href":"https:\/\/hammampacha.com\/wpress\/wp-json\/wp\/v2\/pages\/581\/revisions\/3631"}],"wp:attachment":[{"href":"https:\/\/hammampacha.com\/wpress\/wp-json\/wp\/v2\/media?parent=581"}],"curies":[{"name":"wp","href":"https:\/\/api.w.org\/{rel}","templated":true}]}}